000
CDUS44 KHGX 270726
CLIHOU


CLIMATE REPORT
NATIONAL WEATHER SERVICE HOUSTON/GALVESTON TX
226 AM CDT MON APR 27 2015


...................................

...THE HOUSTON INTERCONTINENTAL CLIMATE SUMMARY FOR APRIL 26 2015...

CLIMATE NORMAL PERIOD 1981 TO 2010
CLIMATE RECORD PERIOD 1892 TO 2015


WEATHER ITEM   OBSERVED TIME   RECORD YEAR NORMAL DEPARTURE LAST
                VALUE   (LST)  VALUE       VALUE  FROM      YEAR
                                                  NORMAL
..................................................................
TEMPERATURE (F)
 YESTERDAY
  MAXIMUM         85    332 PM  91    1988  82      3       83
                                      1944
  MINIMUM         67    136 AM  46    1978  62      5       68
                                      1977
  AVERAGE         76                        72      4       76

PRECIPITATION (IN)
  YESTERDAY        T             3.52 1990   0.12  -0.12     0.00
  MONTH TO DATE    6.08                      2.79   3.29     1.56
  SINCE MAR 1     12.42                      6.20   6.22     4.01
  SINCE JAN 1     16.25                     12.78   3.47     7.36

SNOWFALL (IN)
  YESTERDAY        0.0          MM      MM
  MONTH TO DATE    0.0
  SINCE MAR 1      0.0
  SINCE JUL 1      0.0

DEGREE DAYS
 HEATING
  YESTERDAY        0                         0      0        0
  MONTH TO DATE    3                        35    -32       41
  SINCE MAR 1    142                       176    -34      255
  SINCE JUL 1   1461                      1364     97     1735

 COOLING
  YESTERDAY       11                         7      4       11
  MONTH TO DATE  226                       140     86      140
  SINCE MAR 1    294                       211     83      172
  SINCE JAN 1    304                       249     55      206
..................................................................


WIND (MPH)
  HIGHEST WIND SPEED    20   HIGHEST WIND DIRECTION    SE (140)
  HIGHEST GUST SPEED    24   HIGHEST GUST DIRECTION    SE (140)




RELATIVE HUMIDITY (PERCENT)
 HIGHEST   100
 LOWEST     65
 AVERAGE    83

..........................................................


THE HOUSTON INTERCONTINENTAL CLIMATE NORMALS FOR TODAY
                         NORMAL    RECORD    YEAR
 MAXIMUM TEMPERATURE (F)   82        93      2011
                                             1933
 MINIMUM TEMPERATURE (F)   63        47      1978


SUNRISE AND SUNSET
APRIL 27 2015.........SUNRISE   642 AM CDT   SUNSET   756 PM CDT
APRIL 28 2015.........SUNRISE   642 AM CDT   SUNSET   757 PM CDT


-  INDICATES NEGATIVE NUMBERS.
R  INDICATES RECORD WAS SET OR TIED.
MM INDICATES DATA IS MISSING.
T  INDICATES TRACE AMOUNT.




...................................

...THE HOUSTON/HOBBY AIRPORT CLIMATE SUMMARY FOR APRIL 26 2015...

CLIMATE NORMAL PERIOD 1981 TO 2010
CLIMATE RECORD PERIOD 1930 TO 2015


WEATHER ITEM   OBSERVED TIME   RECORD YEAR NORMAL DEPARTURE LAST
                VALUE   (LST)  VALUE       VALUE  FROM      YEAR
                                                  NORMAL
..................................................................
TEMPERATURE (F)
 YESTERDAY
  MAXIMUM         84    236 PM  91    1944  81      3       83
  MINIMUM         68   1238 AM  46    1937  64      4       69
  AVERAGE         76                        72      4       76

PRECIPITATION (IN)
  YESTERDAY        0.02          2.56 1990   0.12  -0.10      T
  MONTH TO DATE    8.09                      2.74   5.35     1.30
  SINCE MAR 1     14.47                      5.94   8.53     3.84
  SINCE JAN 1     20.35                     13.02   7.33     6.46

SNOWFALL (IN)
  YESTERDAY        0.0          MM      MM
  MONTH TO DATE    0.0
  SINCE MAR 1      0.0
  SINCE JUL 1      0.0

DEGREE DAYS
 HEATING
  YESTERDAY        0                         0      0        0
  MONTH TO DATE    0                        27    -27       31
  SINCE MAR 1    115                       148    -33      218
  SINCE JUL 1   1300                      1218     82     1545

 COOLING
  YESTERDAY       11                         8      3       11
  MONTH TO DATE  234                       142     92      131
  SINCE MAR 1    309                       211     98      169
  SINCE JAN 1    319                       249     70      208
..................................................................


WIND (MPH)
  HIGHEST WIND SPEED    23   HIGHEST WIND DIRECTION     S (160)
  HIGHEST GUST SPEED    32   HIGHEST GUST DIRECTION    SE (150)




RELATIVE HUMIDITY (PERCENT)
 HIGHEST   100
 LOWEST     74
 AVERAGE    87

..........................................................


THE HOUSTON/HOBBY AIRPORT CLIMATE NORMALS FOR TODAY
                         NORMAL    RECORD    YEAR
 MAXIMUM TEMPERATURE (F)   81        94      2011
 MINIMUM TEMPERATURE (F)   64        53      2005
                                             1980
                                             1978


SUNRISE AND SUNSET
APRIL 27 2015.........SUNRISE   643 AM CDT   SUNSET   755 PM CDT
APRIL 28 2015.........SUNRISE   642 AM CDT   SUNSET   756 PM CDT


-  INDICATES NEGATIVE NUMBERS.
R  INDICATES RECORD WAS SET OR TIED.
MM INDICATES DATA IS MISSING.
T  INDICATES TRACE AMOUNT.




$$
