000
CDUS44 KBRO 050626
CLIHRL


CLIMATE REPORT
NATIONAL WEATHER SERVICE BROWNSVILLE TX
126 AM CDT TUE MAY 5 2015


...................................

...THE HARLINGEN CLIMATE SUMMARY FOR MAY 4 2015...

CLIMATE NORMAL PERIOD 1981 TO 2010
CLIMATE RECORD PERIOD 1912 TO 2015


WEATHER ITEM   OBSERVED TIME   RECORD YEAR NORMAL DEPARTURE LAST
                VALUE   (LST)  VALUE       VALUE  FROM      YEAR
                                                  NORMAL
..................................................................
TEMPERATURE (F)
 YESTERDAY
  MAXIMUM         86    253 PM 103    1999  89     -3       88
  MINIMUM         73    559 AM  50    1954  69      4       55
                                      1970
  AVERAGE         80                        79      1       72

PRECIPITATION (IN)
  YESTERDAY        0.00          3.05 1966   0.09  -0.09     0.00
  MONTH TO DATE    T                         0.31  -0.31      T
  SINCE MAR 1      6.79                      3.27   3.52     1.95
  SINCE JAN 1      9.71                      5.74   3.97     2.95

SNOWFALL (IN)
  YESTERDAY        0.0
  MONTH TO DATE    0.0
  SINCE MAR 1      0.0
  SINCE JUL 1      0.0

DEGREE DAYS
 HEATING
  YESTERDAY        0                         0      0        0
  MONTH TO DATE    0                         0      0        0
  SINCE MAR 1     74                        54     20      119
  SINCE JUL 1    767                       622    145      930

 COOLING
  YESTERDAY       15                        14      1        7
  MONTH TO DATE   41                        54    -13       20
  SINCE MAR 1    541                       543     -2      431
  SINCE JAN 1    600                       668    -68      542
..................................................................


WIND (MPH)
  HIGHEST WIND SPEED    23   HIGHEST WIND DIRECTION    SE (150)
  HIGHEST GUST SPEED    28   HIGHEST GUST DIRECTION    SE (150)
  AVERAGE WIND SPEED    15.0



WEATHER CONDITIONS
 THE FOLLOWING WEATHER WAS RECORDED YESTERDAY.
  NO SIGNIFICANT WEATHER WAS OBSERVED.


RELATIVE HUMIDITY (PERCENT)
 HIGHEST    93
 LOWEST     51
 AVERAGE    72

..........................................................


THE HARLINGEN CLIMATE NORMALS FOR TODAY
                         NORMAL    RECORD    YEAR
 MAXIMUM TEMPERATURE (F)   89       103      1999
 MINIMUM TEMPERATURE (F)   69        48      1970


SUNRISE AND SUNSET
MAY  5 2015...........SUNRISE   650 AM CDT   SUNSET   805 PM CDT
MAY  6 2015...........SUNRISE   650 AM CDT   SUNSET   805 PM CDT


-  INDICATES NEGATIVE NUMBERS.
R  INDICATES RECORD WAS SET OR TIED.
MM INDICATES DATA IS MISSING.
T  INDICATES TRACE AMOUNT.




$$
