000
CDUS42 KMHX 190526
CLIHSE


CLIMATE REPORT
NATIONAL WEATHER SERVICE NEWPORT/MOREHEAD CITY NC
126 AM EDT SUN APR 19 2015


...................................

...THE CAPE HATTERAS NC CLIMATE SUMMARY FOR APRIL 18 2015...

CLIMATE NORMAL PERIOD 1981 TO 2010
CLIMATE RECORD PERIOD 1874 TO 2015


WEATHER ITEM   OBSERVED TIME   RECORD YEAR NORMAL DEPARTURE LAST
                VALUE   (LST)  VALUE       VALUE  FROM      YEAR
                                                  NORMAL
..................................................................
TEMPERATURE (F)
 YESTERDAY
  MAXIMUM         73    340 PM  82    1995  67      6       54
  MINIMUM         60   1159 PM  32    1966  53      7       47
  AVERAGE         67                        60      7       51

PRECIPITATION (IN)
  YESTERDAY        T             1.98 1978   0.12  -0.12     0.08
  MONTH TO DATE    1.67                      2.28  -0.61     2.35
  SINCE MAR 1      4.22                      7.05  -2.83     7.83
  SINCE JAN 1     16.17                     16.31  -0.14    17.92

SNOWFALL (IN)
  YESTERDAY        0.0
  MONTH TO DATE    0.0
  SINCE NOV 1      2.0
  SINCE JUL 1      2.0
  SNOW DEPTH       0

DEGREE DAYS
 HEATING
  YESTERDAY        0                         6     -6       14
  MONTH TO DATE   79                       137    -58      112
  SINCE MAR 1    499                       556    -57      615
  SINCE JUL 1   2672                      2480    192     2448

 COOLING
  YESTERDAY        2                         1      1        0
  MONTH TO DATE   10                         9      1       11
  SINCE MAR 1     11                        12     -1       11
  SINCE JAN 1     13                        12      1       11
..................................................................


WIND (MPH)
  HIGHEST WIND SPEED    10   HIGHEST WIND DIRECTION    SE (120)
  HIGHEST GUST SPEED    13   HIGHEST GUST DIRECTION    NE (40)
  AVERAGE WIND SPEED     3.8


SKY COVER
  POSSIBLE SUNSHINE  MM
  AVERAGE SKY COVER 0.1


WEATHER CONDITIONS
 THE FOLLOWING WEATHER WAS RECORDED YESTERDAY.
  LIGHT RAIN


RELATIVE HUMIDITY (PERCENT)
 HIGHEST   100          1200 AM
 LOWEST     73           100 PM
 AVERAGE    87

..........................................................


THE CAPE HATTERAS NC CLIMATE NORMALS FOR TODAY
                         NORMAL    RECORD    YEAR
 MAXIMUM TEMPERATURE (F)   67        81      1995
 MINIMUM TEMPERATURE (F)   54        36      2001


SUNRISE AND SUNSET
APRIL 19 2015.........SUNRISE   626 AM EDT   SUNSET   738 PM EDT
APRIL 20 2015.........SUNRISE   624 AM EDT   SUNSET   739 PM EDT


-  INDICATES NEGATIVE NUMBERS.
R  INDICATES RECORD WAS SET OR TIED.
MM INDICATES DATA IS MISSING.
T  INDICATES TRACE AMOUNT.




$$
