000
CDUS43 KGID 210654
CLIHSI


CLIMATE REPORT
NATIONAL WEATHER SERVICE HASTINGS NE
148 AM CDT TUE APR 21 2015


...................................

...THE HASTINGS NE CLIMATE SUMMARY FOR APRIL 20 2015...

CLIMATE NORMAL PERIOD 1981 TO 2010
CLIMATE RECORD PERIOD 1894 TO 2015


WEATHER ITEM   OBSERVED TIME   RECORD YEAR NORMAL DEPARTURE LAST
                VALUE   (LST)  VALUE       VALUE  FROM      YEAR
                                                  NORMAL
..................................................................
TEMPERATURE (F)
 YESTERDAY
  MAXIMUM         58    444 PM  89    1987  64     -6       78
  MINIMUM         34    555 AM  24    1953  40     -6       50
  AVERAGE         46                        52     -6       64

PRECIPITATION (IN)
  YESTERDAY        0.00          1.57 1977   0.09  -0.09      T
  MONTH TO DATE    2.12                      1.46   0.66     1.36
  SINCE MAR 1      2.32                      3.25  -0.93     1.51
  SINCE JAN 1      3.43                      4.15  -0.72     2.22

SNOWFALL (IN)
  YESTERDAY        0.0           T    1995   0.0    0.0      0.0
                                      1918
  MONTH TO DATE    T                         1.0   -1.0      2.2
  SINCE MAR 1      0.8                       6.2   -5.4      3.4
  SINCE JUL 1     17.0                      28.6  -11.6     21.7
  6 AM SNOW DEPTH  0

DEGREE DAYS
 HEATING
  YESTERDAY       19                        13      6        1
  MONTH TO DATE  238                       321    -83      310
  SINCE MAR 1    872                      1098   -226     1169
  SINCE JUL 1   5495                      5728   -233     6049

 COOLING
  YESTERDAY        0                         0      0        0
  MONTH TO DATE    4                         0      4        4
  SINCE MAR 1      4                         0      4        4
  SINCE JAN 1      4                         0      4        4
..................................................................


WIND (MPH)
  HIGHEST WIND SPEED    31   HIGHEST WIND DIRECTION    NW (300)
  HIGHEST GUST SPEED    40   HIGHEST GUST DIRECTION    NW (300)
  AVERAGE WIND SPEED    15.2


SKY COVER
  AVERAGE SKY COVER 0.2


WEATHER CONDITIONS
 THE FOLLOWING WEATHER WAS RECORDED YESTERDAY.
  NO SIGNIFICANT WEATHER WAS OBSERVED.


RELATIVE HUMIDITY (PERCENT)
 HIGHEST    76          1200 AM
 LOWEST     27           300 PM
 AVERAGE    52

..........................................................


THE HASTINGS NE CLIMATE NORMALS FOR TODAY
                         NORMAL    RECORD    YEAR
 MAXIMUM TEMPERATURE (F)   65        89      1925
 MINIMUM TEMPERATURE (F)   41        25      1927


SUNRISE AND SUNSET
APRIL 21 2015.........SUNRISE   647 AM CDT   SUNSET   819 PM CDT
APRIL 22 2015.........SUNRISE   645 AM CDT   SUNSET   820 PM CDT


-  INDICATES NEGATIVE NUMBERS.
R  INDICATES RECORD WAS SET OR TIED.
MM INDICATES DATA IS MISSING.
T  INDICATES TRACE AMOUNT.




$$
