000
CDUS43 KIND 060533
CLIHUF


CLIMATE REPORT
NATIONAL WEATHER SERVICE INDIANAPOLIS IN
132 AM EDT WED MAY 6 2015


...................................

...THE TERRE HAUTE IN CLIMATE SUMMARY FOR MAY 5 2015...

CLIMATE NORMAL PERIOD 1981 TO 2010
CLIMATE RECORD PERIOD 9999 TO 9999


WEATHER ITEM   OBSERVED TIME   NORMAL DEPARTURE LAST
                VALUE   (LST)  VALUE  FROM      YEAR
                                      NORMAL
......................................................
TEMPERATURE (F)
 YESTERDAY
  MAXIMUM         85    248 PM  71     14       78
  MINIMUM         59    642 AM  48     11       48
  AVERAGE         72            59     13       63

PRECIPITATION (IN)
  YESTERDAY        0.00          0.24  -0.24     0.00
  MONTH TO DATE    0.13          1.18  -1.05      T
  SINCE MAR 1      8.15          8.70  -0.55     8.03
  SINCE JAN 1     11.05         12.99  -1.94    12.06

DEGREE DAYS
 HEATING
  YESTERDAY        0             6     -6        2
  MONTH TO DATE   15            34    -19       46
  SINCE MAR 1   1134          1091     43     1222
  SINCE JUL 1   5768          5254    514     5957

 COOLING
  YESTERDAY        7             1      6        0
  MONTH TO DATE   13             5      8        0
  SINCE MAR 1     19            20     -1        6
  SINCE JAN 1     19            20     -1        6
......................................................


WIND (MPH)
  HIGHEST WIND SPEED    18   HIGHEST WIND DIRECTION    SW (220)
  HIGHEST GUST SPEED    24   HIGHEST GUST DIRECTION    SW (220)
  AVERAGE WIND SPEED     7.3


SKY COVER
  AVERAGE SKY COVER 0.2


WEATHER CONDITIONS
 THE FOLLOWING WEATHER WAS RECORDED YESTERDAY.
  NO SIGNIFICANT WEATHER WAS OBSERVED.


RELATIVE HUMIDITY (PERCENT)
 HIGHEST    90          1200 AM
 LOWEST     32           200 PM
 AVERAGE    61

..........................................................


THE TERRE HAUTE IN CLIMATE NORMALS FOR TODAY
                         NORMAL
 MAXIMUM TEMPERATURE (F)   71
 MINIMUM TEMPERATURE (F)   49


SUNRISE AND SUNSET
MAY  6 2015...........SUNRISE   645 AM EDT   SUNSET   847 PM EDT
MAY  7 2015...........SUNRISE   644 AM EDT   SUNSET   848 PM EDT


-  INDICATES NEGATIVE NUMBERS.
R  INDICATES RECORD WAS SET OR TIED.
MM INDICATES DATA IS MISSING.
T  INDICATES TRACE AMOUNT.




$$
