000
CDUS41 KCAR 042029
CLIHUL


CLIMATE REPORT
NATIONAL WEATHER SERVICE CARIBOU, ME
429 PM EDT MON MAY 4 2015


...................................

...THE HOULTON ME CLIMATE SUMMARY FOR MAY 4 2015...
VALID TODAY AS OF 0400 PM LOCAL TIME.

CLIMATE NORMAL PERIOD 1981 TO 2010
CLIMATE RECORD PERIOD 1948 TO 2015


WEATHER ITEM   OBSERVED TIME   RECORD YEAR NORMAL DEPARTURE LAST
                VALUE   (LST)  VALUE       VALUE  FROM      YEAR
                                                  NORMAL
..................................................................
TEMPERATURE (F)
 TODAY
  MAXIMUM         81    259 PM  85    1944  60     21       55
  MINIMUM         46    504 AM  25    2003  35     11       37
  AVERAGE         64                        47     17       46

PRECIPITATION (IN)
  TODAY            0.00          0.45 2011   0.10  -0.10     0.39
  MONTH TO DATE    0.00                      0.40  -0.40     0.86
  SINCE MAR 1      3.34                      6.87  -3.53     6.95
  SINCE JAN 1      5.44                     11.73  -6.29    12.53

SNOWFALL (IN)
  TODAY           MM             1.1  1966   0.0   MM       MM
  MONTH TO DATE   MM                         0.0   MM       MM
  SINCE MAR 1     MM                        23.8   MM       MM
  SINCE JUL 1     MM                        89.4   MM       MM
  SNOW DEPTH      MM

DEGREE DAYS
 HEATING
  TODAY            1                        18    -17       19
  MONTH TO DATE   52                        74    -22       75
  SINCE MAR 1   2287                      2074    213     2377
  SINCE JUL 1   8855                      8647    208     8967

 COOLING
  TODAY            0                         0      0        0
  MONTH TO DATE    0                         0      0        0
  SINCE MAR 1      0                         0      0        0
  SINCE JAN 1      0                         0      0        0
..................................................................


WIND (MPH)
  HIGHEST WIND SPEED    22   HIGHEST WIND DIRECTION    SW (220)
  HIGHEST GUST SPEED    28   HIGHEST GUST DIRECTION    SW (230)
  AVERAGE WIND SPEED     9.3


SKY COVER
  POSSIBLE SUNSHINE  MM
  AVERAGE SKY COVER 0.1


WEATHER CONDITIONS
 THE FOLLOWING WEATHER WAS RECORDED TODAY.
  NO SIGNIFICANT WEATHER WAS OBSERVED.


RELATIVE HUMIDITY (PERCENT)
 HIGHEST    80           600 AM
 LOWEST     21           100 PM
 AVERAGE    51

..........................................................


THE HOULTON ME CLIMATE NORMALS FOR TOMORROW
                         NORMAL    RECORD    YEAR
 MAXIMUM TEMPERATURE (F)   60        83      1944
 MINIMUM TEMPERATURE (F)   35        25      1977


SUNRISE AND SUNSET
MAY  4 2015...........SUNRISE   514 AM EDT   SUNSET   743 PM EDT
MAY  5 2015...........SUNRISE   512 AM EDT   SUNSET   744 PM EDT


-  INDICATES NEGATIVE NUMBERS.
R  INDICATES RECORD WAS SET OR TIED.
MM INDICATES DATA IS MISSING.
T  INDICATES TRACE AMOUNT.




$$
