000
CDUS45 KTFX 281012
CLIHVR


CLIMATE REPORT
NATIONAL WEATHER SERVICE GREAT FALLS MT
411 AM MDT TUE APR 28 2015


...................................

...THE HAVRE MT CLIMATE SUMMARY FOR APRIL 27 2015...

CLIMATE NORMAL PERIOD 1981 TO 2010
CLIMATE RECORD PERIOD 1880 TO 2015


WEATHER ITEM   OBSERVED TIME   RECORD YEAR NORMAL DEPARTURE LAST
                VALUE   (LST)  VALUE       VALUE  FROM      YEAR
                                                  NORMAL
..................................................................
TEMPERATURE (F)
 YESTERDAY
  MAXIMUM         65    430 PM  85    2001  62      3       58
  MINIMUM         23    532 AM  16    1961  34    -11       35
                                      1907
  AVERAGE         44                        48     -4       47

PRECIPITATION (IN)
  YESTERDAY        0.00          1.05 2012   0.04  -0.04     0.00
  MONTH TO DATE    0.33                      0.72  -0.39     0.92
  SINCE OCT 1      4.06                      3.28   0.78     4.73
  SINCE JAN 1      2.49                      1.87   0.62     2.72

SNOWFALL (IN)
  YESTERDAY        0.0           2.0  1983   0.0    0.0      0.0
  MONTH TO DATE    T                         2.8   -2.8       T
  SINCE MAR 1      T                         9.1   -9.1      7.0
  SINCE JUL 1     20.6                      37.0  -16.4     44.4
  SNOW DEPTH       0

DEGREE DAYS
 HEATING
  YESTERDAY       21                        17      4       18
  MONTH TO DATE  576                       569      7      553
  SINCE MAR 1   1308                      1567   -259     1715
  SINCE JUL 1   6976                      7687   -711     7956

 COOLING
  YESTERDAY        0                         0      0        0
  MONTH TO DATE    0                         0      0        0
  SINCE MAR 1      0                         0      0        0
  SINCE JAN 1      0                         0      0        0
..................................................................


WIND (MPH)
  HIGHEST WIND SPEED    17   HIGHEST WIND DIRECTION    SW (230)
  HIGHEST GUST SPEED    22   HIGHEST GUST DIRECTION    SW (230)
  AVERAGE WIND SPEED     8.1


SKY COVER
  AVERAGE SKY COVER 0.0


WEATHER CONDITIONS
 THE FOLLOWING WEATHER WAS RECORDED YESTERDAY.
  NO SIGNIFICANT WEATHER WAS OBSERVED.


RELATIVE HUMIDITY (PERCENT)
 HIGHEST    92           400 AM
 LOWEST     28           500 PM
 AVERAGE    60

..........................................................


THE HAVRE MT CLIMATE NORMALS FOR TODAY
                         NORMAL    RECORD    YEAR
 MAXIMUM TEMPERATURE (F)   63        91      2001
 MINIMUM TEMPERATURE (F)   34        16      2005
                                             1966
                                             1893


SUNRISE AND SUNSET
APRIL 28 2015.........SUNRISE   605 AM MDT   SUNSET   829 PM MDT
APRIL 29 2015.........SUNRISE   603 AM MDT   SUNSET   831 PM MDT


-  INDICATES NEGATIVE NUMBERS.
R  INDICATES RECORD WAS SET OR TIED.
MM INDICATES DATA IS MISSING.
T  INDICATES TRACE AMOUNT.




$$
