000
CDUS45 KPIH 191525
CLIIDA

CLIMATE REPORT
NATIONAL WEATHER SERVICE POCATELLO ID
705 AM MDT SUN APR 19 2015


...................................

...THE IDAHO FALLS ID CLIMATE SUMMARY FOR APRIL 18 2015...

CLIMATE NORMAL PERIOD 1981 TO 2010
CLIMATE RECORD PERIOD 1948 TO 2015


WEATHER ITEM   OBSERVED TIME   RECORD YEAR NORMAL DEPARTURE LAST
                VALUE   (LST)  VALUE       VALUE  FROM      YEAR
                                                  NORMAL
..................................................................
TEMPERATURE (F)
 YESTERDAY
  MAXIMUM         69    418 PM  79    1962  59     10       60
  MINIMUM         29    533 AM  14    2013  32     -3       42
  AVERAGE         49                        45      4       51

PRECIPITATION (IN)
  YESTERDAY        0.00          1.10 2000   0.04  -0.04     0.09
  MONTH TO DATE    0.32                      0.61  -0.29     0.18
  SINCE OCT 1      2.30                      5.39  -3.09     3.77
  SINCE JAN 1      0.84                      2.82  -1.98     2.47

SNOWFALL (IN)
  YESTERDAY        MM
  MONTH TO DATE    MM
  SINCE MAR 1      MM
  SINCE JUL 1      MM
  SNOW DEPTH       MM

DEGREE DAYS
 HEATING
  YESTERDAY       16                        20     -4       14
  MONTH TO DATE  407                       393     14      374
  SINCE MAR 1   1099                      1295   -196     1166
  SINCE JUL 1   5917                      7097  -1180     6683

 COOLING
  YESTERDAY        0                         0      0        0
  MONTH TO DATE    0                         0      0        0
  SINCE MAR 1      0                         0      0        0
  SINCE JAN 1      0                         0      0        0
..................................................................


WIND (MPH)
  HIGHEST WIND SPEED    24   HIGHEST WIND DIRECTION     N (350)
  HIGHEST GUST SPEED    40   HIGHEST GUST DIRECTION    NW (330)
  AVERAGE WIND SPEED     9.6


SKY COVER
  POSSIBLE SUNSHINE  MM
  AVERAGE SKY COVER 0.0


WEATHER CONDITIONS
 THE FOLLOWING WEATHER WAS RECORDED YESTERDAY.
  HAZE


RELATIVE HUMIDITY (PERCENT)
 HIGHEST    78           500 AM
 LOWEST     12           400 PM
 AVERAGE    45

..........................................................


THE IDAHO FALLS ID CLIMATE NORMALS FOR TODAY
                         NORMAL    RECORD    YEAR
 MAXIMUM TEMPERATURE (F)   59        84      1962
 MINIMUM TEMPERATURE (F)   32        15      1982


SUNRISE AND SUNSET
APRIL 19 2015.........SUNRISE   639 AM MDT   SUNSET   816 PM MDT
APRIL 20 2015.........SUNRISE   638 AM MDT   SUNSET   817 PM MDT


-  INDICATES NEGATIVE NUMBERS.
R  INDICATES RECORD WAS SET OR TIED.
MM INDICATES DATA IS MISSING.
T  INDICATES TRACE AMOUNT.

$$
