000
CDUS43 KEAX 270641
CLIIRK


CLIMATE REPORT
NATIONAL WEATHER SERVICE KANSAS CITY/PLEASANT HILL MO
140 AM CDT MON APR 27 2015


...................................

...THE KIRKSVILLE MO CLIMATE SUMMARY FOR APRIL 26 2015...

CLIMATE NORMAL PERIOD 1981 TO 2010
CLIMATE RECORD PERIOD 9999 TO 9999


WEATHER ITEM   OBSERVED TIME   NORMAL DEPARTURE LAST
                VALUE   (LST)  VALUE  FROM      YEAR
                                      NORMAL
......................................................
TEMPERATURE (F)
 YESTERDAY
  MAXIMUM         62    349 PM  66     -4       79
  MINIMUM         40    547 AM  44     -4       54
  AVERAGE         51            55     -4       67

PRECIPITATION (IN)
  YESTERDAY        0.00          0.16  -0.16      T
  MONTH TO DATE    3.71          3.14   0.57     1.92
  SINCE MAR 1      4.53          5.69  -1.16     2.99
  SINCE JAN 1      6.58          8.49  -1.91     6.54

DEGREE DAYS
 HEATING
  YESTERDAY       14            10      4        0
  MONTH TO DATE  243           365   -122      362
  SINCE MAR 1    929          1119   -190     1264
  SINCE JUL 1   5608          5652    -44     6234

 COOLING
  YESTERDAY        0             0      0        2
  MONTH TO DATE    2             0      2        3
  SINCE MAR 1      3             0      3        3
  SINCE JAN 1      3             0      3        3
......................................................


WIND (MPH)
  HIGHEST WIND SPEED    17   HIGHEST WIND DIRECTION    NE (50)
  HIGHEST GUST SPEED    22   HIGHEST GUST DIRECTION    NE (60)
  AVERAGE WIND SPEED     9.3


SKY COVER
  AVERAGE SKY COVER 0.3


WEATHER CONDITIONS
 THE FOLLOWING WEATHER WAS RECORDED YESTERDAY.
  FOG


RELATIVE HUMIDITY (PERCENT)
 HIGHEST    93           600 AM
 LOWEST     42           200 PM
 AVERAGE    68

..........................................................


THE KIRKSVILLE MO CLIMATE NORMALS FOR TODAY
                         NORMAL
 MAXIMUM TEMPERATURE (F)   66
 MINIMUM TEMPERATURE (F)   45


SUNRISE AND SUNSET
APRIL 27 2015.........SUNRISE   615 AM CDT   SUNSET   801 PM CDT
APRIL 28 2015.........SUNRISE   614 AM CDT   SUNSET   802 PM CDT


-  INDICATES NEGATIVE NUMBERS.
R  INDICATES RECORD WAS SET OR TIED.
MM INDICATES DATA IS MISSING.
T  INDICATES TRACE AMOUNT.




$$
