000
CDUS43 KBIS 180723
CLIISN


CLIMATE REPORT
NATIONAL WEATHER SERVICE BISMARCK ND
222 AM CDT SAT APR 18 2015


...................................

...THE WILLISTON ND CLIMATE SUMMARY FOR APRIL 17 2015...

CLIMATE NORMAL PERIOD 1981 TO 2010
CLIMATE RECORD PERIOD 1894 TO 2015


WEATHER ITEM   OBSERVED TIME   RECORD YEAR NORMAL DEPARTURE LAST
                VALUE   (LST)  VALUE       VALUE  FROM      YEAR
                                                  NORMAL
..................................................................
TEMPERATURE (F)
 YESTERDAY
  MAXIMUM         72    422 PM  83    2005  58     14       47
                                      1994
  MINIMUM         28    216 AM  12    1970  30     -2       23
                                      1953
                                      1901
  AVERAGE         50                        44      6       35

PRECIPITATION (IN)
  YESTERDAY        0.00          0.53 1918   0.03  -0.03      T
  MONTH TO DATE    0.09                      0.50  -0.41     0.18
  SINCE MAR 1      0.56                      1.21  -0.65     0.50
  SINCE JAN 1      1.50                      2.19  -0.69     0.94

SNOWFALL (IN)
  YESTERDAY       MM             5.4  1896   0.1   MM       MM
  MONTH TO DATE   MM                         2.5   MM       MM
  SINCE MAR 1     MM                         8.7   MM       MM
  SINCE JUL 1     MM                        42.8   MM       MM
  SNOW DEPTH      MM

DEGREE DAYS
 HEATING
  YESTERDAY       15                        21     -6       30
  MONTH TO DATE  376                       414    -38      484
  SINCE MAR 1   1245                      1521   -276     1687
  SINCE JUL 1   7761                      8289   -528     8636

 COOLING
  YESTERDAY        0                         0      0        0
  MONTH TO DATE    0                         0      0        0
  SINCE MAR 1      0                         0      0        0
  SINCE JAN 1      0                         0      0        0
..................................................................


WIND (MPH)
  HIGHEST WIND SPEED    15   HIGHEST WIND DIRECTION    NE (30)
  HIGHEST GUST SPEED    19   HIGHEST GUST DIRECTION     E (110)
  AVERAGE WIND SPEED     6.8


SKY COVER
  POSSIBLE SUNSHINE  MM
  AVERAGE SKY COVER 0.0


WEATHER CONDITIONS
 THE FOLLOWING WEATHER WAS RECORDED YESTERDAY.
  NO SIGNIFICANT WEATHER WAS OBSERVED.


RELATIVE HUMIDITY (PERCENT)
 HIGHEST    61           400 AM
 LOWEST     17           100 PM
 AVERAGE    39

..........................................................


THE WILLISTON ND CLIMATE NORMALS FOR TODAY
                         NORMAL    RECORD    YEAR
 MAXIMUM TEMPERATURE (F)   59        83      1980
                                             1923
 MINIMUM TEMPERATURE (F)   31        10      1953
                                             1928


SUNRISE AND SUNSET
APRIL 18 2015.........SUNRISE   659 AM CDT   SUNSET   849 PM CDT
APRIL 19 2015.........SUNRISE   658 AM CDT   SUNSET   851 PM CDT


-  INDICATES NEGATIVE NUMBERS.
R  INDICATES RECORD WAS SET OR TIED.
MM INDICATES DATA IS MISSING.
T  INDICATES TRACE AMOUNT.




$$
