000
CDUS41 KOKX 270623
CLIISP


CLIMATE REPORT
NATIONAL WEATHER SERVICE NEW YORK NY
223 AM EDT MON APR 27 2015


...................................

...THE ISLIP NY CLIMATE SUMMARY FOR APRIL 26 2015...

CLIMATE NORMAL PERIOD 1981 TO 2010
CLIMATE RECORD PERIOD 1986 TO 2015


WEATHER ITEM   OBSERVED TIME   RECORD YEAR NORMAL DEPARTURE LAST
                VALUE   (LST)  VALUE       VALUE  FROM      YEAR
                                                  NORMAL
..................................................................
TEMPERATURE (F)
 YESTERDAY
  MAXIMUM         60    121 PM  88    2009  61     -1       61
  MINIMUM         39    531 AM  34    2002  44     -5       44
  AVERAGE         50                        52     -2       53

PRECIPITATION (IN)
  YESTERDAY        0.00          0.85 2003   0.14  -0.14     0.51
  MONTH TO DATE    1.66                      3.80  -2.14     2.61
  SINCE MAR 1      6.73                      8.24  -1.51     8.51
  SINCE JAN 1     14.67                     15.14  -0.47    16.85

SNOWFALL (IN)
  YESTERDAY        0.0          MM      MM   0.0    0.0      0.0
  MONTH TO DATE    0.0                       0.6   -0.6      0.2
  SINCE OCT 1     63.7                      24.8   38.9     63.7
  SINCE JUL 1     63.7                      24.8   38.9     63.7
  SNOW DEPTH       0

DEGREE DAYS
 HEATING
  YESTERDAY       15                        13      2       12
  MONTH TO DATE  428                       431     -3      419
  SINCE MAR 1   1344                      1228    116     1316
  SINCE JUL 1   5364                      5123    241     5269

 COOLING
  YESTERDAY        0                         0      0        0
  MONTH TO DATE    0                         0      0        0
  SINCE MAR 1      0                         0      0        0
  SINCE JAN 1      0                         0      0        0
..................................................................


WIND (MPH)
  HIGHEST WIND SPEED    16   HIGHEST WIND DIRECTION    NW (330)
  HIGHEST GUST SPEED    20   HIGHEST GUST DIRECTION     N (340)
  AVERAGE WIND SPEED     7.5


SKY COVER
  AVERAGE SKY COVER 0.5


WEATHER CONDITIONS
 THE FOLLOWING WEATHER WAS RECORDED YESTERDAY.
  NO SIGNIFICANT WEATHER WAS OBSERVED.


RELATIVE HUMIDITY (PERCENT)
 HIGHEST    79          1200 AM
 LOWEST     33          1200 PM
 AVERAGE    56

..........................................................


THE ISLIP NY CLIMATE NORMALS FOR TODAY
                         NORMAL    RECORD    YEAR
 MAXIMUM TEMPERATURE (F)   62        81      1990
 MINIMUM TEMPERATURE (F)   44        32      2002


SUNRISE AND SUNSET
APRIL 27 2015.........SUNRISE   557 AM EDT   SUNSET   744 PM EDT
APRIL 28 2015.........SUNRISE   555 AM EDT   SUNSET   745 PM EDT


-  INDICATES NEGATIVE NUMBERS.
R  INDICATES RECORD WAS SET OR TIED.
MM INDICATES DATA IS MISSING.
T  INDICATES TRACE AMOUNT.




$$
