000
CDUS44 KJAN 182113
CLIJAN


CLIMATE REPORT
NATIONAL WEATHER SERVICE JACKSON MS
412 PM CDT SAT APR 18 2015


...................................

...THE JACKSON CLIMATE SUMMARY FOR APRIL 18 2015...
VALID TODAY AS OF 0400 PM LOCAL TIME.

CLIMATE NORMAL PERIOD 1981 TO 2010
CLIMATE RECORD PERIOD 1896 TO 2015


WEATHER ITEM   OBSERVED TIME   RECORD YEAR NORMAL DEPARTURE LAST
                VALUE   (LST)  VALUE       VALUE  FROM      YEAR
                                                  NORMAL
..................................................................
TEMPERATURE (F)
 TODAY
  MAXIMUM         72    220 PM  90    2006  77     -5       74
  MINIMUM         65    722 AM  33    1997  53     12       51
  AVERAGE         69                        65      4       63

PRECIPITATION (IN)
  TODAY            T             2.43 1944   0.17  -0.17     0.00
  MONTH TO DATE    2.19                      3.18  -0.99    10.41
  SINCE MAR 1      9.46                      8.22   1.24    16.06
  SINCE JAN 1     19.66                     17.95   1.71    23.11

SNOWFALL (IN)
  TODAY            0.0           0.0    MM   0.0    0.0      0.0
  MONTH TO DATE    0.0                       0.0    0.0      0.0
  SINCE MAR 1      0.3                       0.1    0.2       T
  SINCE JUL 1      0.3                       0.8   -0.5      0.8

DEGREE DAYS
 HEATING
  TODAY            0                         3     -3        2
  MONTH TO DATE   14                        83    -69      106
  SINCE MAR 1    209                       361   -152      449
  SINCE JUL 1   2335                      2353    -18     2715

 COOLING
  TODAY            4                         3      1        0
  MONTH TO DATE  105                        39     66       33
  SINCE MAR 1    142                        66     76       37
  SINCE JAN 1    142                        76     66       43
..................................................................


WIND (MPH)
  HIGHEST WIND SPEED    12   HIGHEST WIND DIRECTION     E (100)
  HIGHEST GUST SPEED    16   HIGHEST GUST DIRECTION     E (100)
  AVERAGE WIND SPEED     6.4


SKY COVER
  POSSIBLE SUNSHINE  MM
  AVERAGE SKY COVER 1.0


WEATHER CONDITIONS
 THE FOLLOWING WEATHER WAS RECORDED TODAY.
  LIGHT RAIN


RELATIVE HUMIDITY (PERCENT)
 HIGHEST    93          1200 AM
 LOWEST     79          1200 PM
 AVERAGE    86

..........................................................


THE JACKSON CLIMATE NORMALS FOR TOMORROW
                         NORMAL    RECORD    YEAR
 MAXIMUM TEMPERATURE (F)   77        92      1987
 MINIMUM TEMPERATURE (F)   53        35      1983


SUNRISE AND SUNSET
APRIL 18 2015.........SUNRISE   628 AM CDT   SUNSET   732 PM CDT
APRIL 19 2015.........SUNRISE   627 AM CDT   SUNSET   733 PM CDT


-  INDICATES NEGATIVE NUMBERS.
R  INDICATES RECORD WAS SET OR TIED.
MM INDICATES DATA IS MISSING.
T  INDICATES TRACE AMOUNT.

&&

AT 4 PM:

THE PEARL RIVER STAGE AT JACKSON WAS NOT AVAILABLE.

THE MISSISSIPPI RIVER STAGE AT VICKSBURG WAS 39.4 FEET. THE RIVER
HAS RISEN 0.6 FEET OVER THE PAST 24 HOURS.

THE AIR QUALITY INDEX AT JACKSON WAS 17...WHICH IS GOOD.


$$
