000
CDUS42 KJAX 270532
CLIJAX


CLIMATE REPORT
NATIONAL WEATHER SERVICE JACKSONVILLE FL
131 AM EDT MON APR 27 2015


...................................

...THE JACKSONVILLE CLIMATE SUMMARY FOR APRIL 26 2015...

CLIMATE NORMAL PERIOD 1981 TO 2010
CLIMATE RECORD PERIOD 1871 TO 2015


WEATHER ITEM   OBSERVED TIME   RECORD YEAR NORMAL DEPARTURE LAST
                VALUE   (LST)  VALUE       VALUE  FROM      YEAR
                                                  NORMAL
..................................................................
TEMPERATURE (F)
 YESTERDAY
  MAXIMUM         90    246 PM  92    2011  81      9       84
  MINIMUM         70    610 AM  40    1974  57     13       63
  AVERAGE         80                        69     11       74

PRECIPITATION (IN)
  YESTERDAY        0.00          0.86 1895   0.07  -0.07     0.00
  MONTH TO DATE    2.66                      2.36   0.30     5.61
  SINCE MAR 1      4.95                      6.31  -1.36    10.26
  SINCE JAN 1     11.35                     12.80  -1.45    19.97

SNOWFALL (IN)
  YESTERDAY        0.0           0.0  2002   0.0    0.0      0.0
                                      2001
  MONTH TO DATE    0.0                       0.0    0.0      0.0
  SINCE MAR 1      0.0                       T      0.0      0.0
  SINCE JUL 1      T                         T      0.0      0.0
  SNOW DEPTH       0

DEGREE DAYS
 HEATING
  YESTERDAY        0                         1     -1        0
  MONTH TO DATE    0                        52    -52       27
  SINCE MAR 1     87                       208   -121      226
  SINCE JUL 1   1335                      1341     -6     1303

 COOLING
  YESTERDAY       15                         5     10        9
  MONTH TO DATE  202                        92    110       93
  SINCE MAR 1    305                       146    159      121
  SINCE JAN 1    318                       175    143      151
..................................................................


WIND (MPH)
  HIGHEST WIND SPEED    20   HIGHEST WIND DIRECTION     W (270)
  HIGHEST GUST SPEED    23   HIGHEST GUST DIRECTION     W (290)
  AVERAGE WIND SPEED    10.0


SKY COVER
  POSSIBLE SUNSHINE  MM
  AVERAGE SKY COVER 0.4


WEATHER CONDITIONS
 THE FOLLOWING WEATHER WAS RECORDED YESTERDAY.
  FOG


RELATIVE HUMIDITY (PERCENT)
 HIGHEST   100          1200 AM
 LOWEST     34           200 PM
 AVERAGE    67

..........................................................


THE JACKSONVILLE CLIMATE NORMALS FOR TODAY
                         NORMAL    RECORD    YEAR
 MAXIMUM TEMPERATURE (F)   82        94      1986
 MINIMUM TEMPERATURE (F)   57        42      1977


SUNRISE AND SUNSET
APRIL 27 2015.........SUNRISE   647 AM EDT   SUNSET   802 PM EDT
APRIL 28 2015.........SUNRISE   646 AM EDT   SUNSET   803 PM EDT


-  INDICATES NEGATIVE NUMBERS.
R  INDICATES RECORD WAS SET OR TIED.
MM INDICATES DATA IS MISSING.
T  INDICATES TRACE AMOUNT.




$$
