000
CDUS41 KOKX 042046
CLIJFK


CLIMATE REPORT
NATIONAL WEATHER SERVICE NEW YORK NY
446 PM EDT MON MAY 4 2015


...................................

...THE KENNEDY NY CLIMATE SUMMARY FOR MAY 4 2015...
VALID TODAY AS OF 0400 PM LOCAL TIME.

CLIMATE NORMAL PERIOD 1981 TO 2010
CLIMATE RECORD PERIOD 1949 TO 2015


WEATHER ITEM   OBSERVED TIME   RECORD YEAR NORMAL DEPARTURE LAST
                VALUE   (LST)  VALUE       VALUE  FROM      YEAR
                                                  NORMAL
..................................................................
TEMPERATURE (F)
 TODAY
  MAXIMUM         74    200 PM  88    1965  65      9       66
  MINIMUM         50        MM  42    2005  49      1       53
                                      1978
                                      1967
  AVERAGE         62                        57      5       60

PRECIPITATION (IN)
  TODAY            0.00          1.08 1975   0.12  -0.12      T
  MONTH TO DATE    0.00                      0.45  -0.45     0.25
  SINCE MAR 1      6.49                      8.10  -1.61    11.49
  SINCE JAN 1     14.15                     13.85   0.30    19.09

SNOWFALL (IN)
  TODAY            0.0          MM      MM   0.0    0.0      0.0
  MONTH TO DATE    0.0                       0.0    0.0      0.0
  SINCE OCT 1     44.2                      23.8   20.4     45.6
  SINCE JUL 1     44.2                      23.8   20.4     45.6
  SNOW DEPTH       0

DEGREE DAYS
 HEATING
  TODAY            3                         8     -5        5
  MONTH TO DATE   37                        35      2       19
  SINCE MAR 1   1239                      1175     64     1311
  SINCE JUL 1   4931                      4686    245     5018

 COOLING
  TODAY            0                         0      0        0
  MONTH TO DATE    0                         0      0        0
  SINCE MAR 1      0                         3     -3        0
  SINCE JAN 1      0                         3     -3        0
..................................................................


WIND (MPH)
  HIGHEST WIND SPEED    18   HIGHEST WIND DIRECTION     S (180)
  HIGHEST GUST SPEED    MM   HIGHEST GUST DIRECTION    MM
  AVERAGE WIND SPEED     4.5


SKY COVER
  AVERAGE SKY COVER 0.2


WEATHER CONDITIONS
 THE FOLLOWING WEATHER WAS RECORDED TODAY.
  NO SIGNIFICANT WEATHER WAS OBSERVED.


RELATIVE HUMIDITY (PERCENT)
 HIGHEST    93           600 AM
 LOWEST     38           200 PM
 AVERAGE    66

..........................................................


THE KENNEDY NY CLIMATE NORMALS FOR TOMORROW
                         NORMAL    RECORD    YEAR
 MAXIMUM TEMPERATURE (F)   65        84      1980
 MINIMUM TEMPERATURE (F)   49        41      2002
                                             1966


SUNRISE AND SUNSET
MAY  4 2015...........SUNRISE   551 AM EDT   SUNSET   754 PM EDT
MAY  5 2015...........SUNRISE   549 AM EDT   SUNSET   755 PM EDT


-  INDICATES NEGATIVE NUMBERS.
R  INDICATES RECORD WAS SET OR TIED.
MM INDICATES DATA IS MISSING.
T  INDICATES TRACE AMOUNT.




$$
