000
CDAK47 PAJK 031134
CLIJNU
AKZ025-032300-
CLIMATE REPORT
NATIONAL WEATHER SERVICE JUNEAU, AK
333 AM AKDT SUN MAY 3 2015

...................................

...THE JUNEAU CLIMATE SUMMARY FOR MAY 2 2015...

CLIMATE NORMAL PERIOD 1981 TO 2010
CLIMATE RECORD PERIOD 1943 TO 2015


WEATHER ITEM   OBSERVED TIME   RECORD YEAR NORMAL DEPARTURE LAST
                VALUE   (LST)  VALUE       VALUE  FROM      YEAR
                                                  NORMAL
..................................................................
TEMPERATURE (F)
 YESTERDAY
  MAXIMUM         53    153 PM  75    2009  53      0       67
  MINIMUM         38   1159 PM  25    1956  37      1       53
  AVERAGE         46                        45      1       60

PRECIPITATION (IN)
  YESTERDAY        T             1.05 1965   0.10  -0.10     0.00
  MONTH TO DATE    0.24                      0.21   0.03     0.00
  SINCE MAR 1     11.94                      6.93   5.01     6.12
  SINCE JAN 1     27.54                     16.41  11.13    18.25

SNOWFALL (IN)
  YESTERDAY        0.0           T    1968   0.0    0.0      0.0
  MONTH TO DATE    0.0                       0.0    0.0      0.0
  SINCE MAR 1      9.9                      12.7   -2.8      6.3
  SINCE JUL 1     48.6                      86.7  -38.1     97.1
  SNOW DEPTH       0

DEGREE DAYS
 HEATING
  YESTERDAY       19                        20     -1        5
  MONTH TO DATE   38                        40     -2       18
  SINCE MAR 1   1582                      1731   -149     1761
  SINCE JUL 1   6803                      7568   -765     7402

 COOLING
  YESTERDAY        0                         0      0        0
  MONTH TO DATE    0                         0      0        0
  SINCE MAR 1      0                         0      0        0
  SINCE JAN 1      0                         0      0        0
..................................................................

WIND (MPH)
  HIGHEST WIND SPEED    15   HIGHEST WIND DIRECTION     E (110)
  HIGHEST GUST SPEED    19   HIGHEST GUST DIRECTION     E (110)
  AVERAGE WIND SPEED     6.8

SKY COVER
  POSSIBLE SUNSHINE  MM
  AVERAGE SKY COVER 0.8

WEATHER CONDITIONS
 THE FOLLOWING WEATHER WAS RECORDED YESTERDAY.
  LIGHT RAIN

RELATIVE HUMIDITY (PERCENT)
 HIGHEST    89          1200 AM
 LOWEST     59           100 PM
 AVERAGE    74
..........................................................

THE JUNEAU CLIMATE NORMALS FOR TODAY
                         NORMAL    RECORD    YEAR
 MAXIMUM TEMPERATURE (F)   53        65      1997
 MINIMUM TEMPERATURE (F)   37        26      2002

SUNRISE AND SUNSET
MAY  3 2015...........SUNRISE   459 AM AKDT  SUNSET   852 PM AKDT
MAY  4 2015...........SUNRISE   457 AM AKDT  SUNSET   855 PM AKDT

-  INDICATES NEGATIVE NUMBERS.
R  INDICATES RECORD WAS SET OR TIED.
MM INDICATES DATA IS MISSING.
T  INDICATES TRACE AMOUNT.

$$
&&
----------------------------
AMOUNT OF DAYLIGHT TODAY  (HOUR:MIN)........15:53
GAIN/LOSS SINCE YESTERDAY (HOUR:MIN:SEC)....+0:04:44
