000
CDUS41 KCTP 060630
CLIJST


CLIMATE REPORT
NATIONAL WEATHER SERVICE STATE COLLEGE PA
229 AM EDT WED MAY 6 2015


...................................

...THE JOHNSTOWN CLIMATE SUMMARY FOR MAY 5 2015...

CLIMATE NORMAL PERIOD 1981 TO 2010
CLIMATE RECORD PERIOD 2000 TO 2015


WEATHER ITEM   OBSERVED TIME   RECORD YEAR NORMAL DEPARTURE LAST
                VALUE   (LST)  VALUE       VALUE  FROM      YEAR
                                                  NORMAL
..................................................................
TEMPERATURE (F)
 YESTERDAY
  MAXIMUM         71    433 PM  93    1895  64      7       57
  MINIMUM         59   1035 AM  27    1957  44     15       33
  AVERAGE         65                        54     11       45

PRECIPITATION (IN)
  YESTERDAY        0.33          1.34 1914   0.13   0.20      T
  MONTH TO DATE    0.39                      0.60  -0.21     0.16
  SINCE MAR 1      8.85                      7.48   1.37     5.90
  SINCE JAN 1     12.25                     12.71  -0.46     9.94

DEGREE DAYS
 HEATING
  YESTERDAY        0                        11    -11       20
  MONTH TO DATE   23                        60    -37       85
  SINCE MAR 1   1479                      1511    -32     1715
  SINCE JUL 1   6668                      6391    277     7043

 COOLING
  YESTERDAY        0                         0      0        0
  MONTH TO DATE    1                         0      1        0
  SINCE MAR 1      1                         5     -4        4
  SINCE JAN 1      1                         5     -4        4
..................................................................


WIND (MPH)
  HIGHEST WIND SPEED    16   HIGHEST WIND DIRECTION     W (260)
  HIGHEST GUST SPEED    21   HIGHEST GUST DIRECTION     W (260)
  AVERAGE WIND SPEED     4.4


SKY COVER
  POSSIBLE SUNSHINE  MM
  AVERAGE SKY COVER 0.6


WEATHER CONDITIONS
 THE FOLLOWING WEATHER WAS RECORDED YESTERDAY.
  HEAVY RAIN
  RAIN
  LIGHT RAIN
  FOG


RELATIVE HUMIDITY (PERCENT)
 HIGHEST    93          1000 AM
 LOWEST     57           500 PM
 AVERAGE    75

..........................................................


THE JOHNSTOWN CLIMATE NORMALS FOR TODAY
                         NORMAL    RECORD    YEAR
 MAXIMUM TEMPERATURE (F)   64        93      1949
 MINIMUM TEMPERATURE (F)   44        29      1983


SUNRISE AND SUNSET
MAY  6 2015...........SUNRISE   609 AM EDT   SUNSET   815 PM EDT
MAY  7 2015...........SUNRISE   608 AM EDT   SUNSET   816 PM EDT


-  INDICATES NEGATIVE NUMBERS.
R  INDICATES RECORD WAS SET OR TIED.
MM INDICATES DATA IS MISSING.
T  INDICATES TRACE AMOUNT.




$$
