000
CDUS43 KIND 270531
CLILAF


CLIMATE REPORT
NATIONAL WEATHER SERVICE INDIANAPOLIS IN
131 AM EDT MON APR 27 2015


...................................

...THE LAFAYETTE IN CLIMATE SUMMARY FOR APRIL 26 2015...

CLIMATE NORMAL PERIOD 1981 TO 2010
CLIMATE RECORD PERIOD 9999 TO 9999


WEATHER ITEM   OBSERVED TIME   NORMAL DEPARTURE LAST
                VALUE   (LST)  VALUE  FROM      YEAR
                                      NORMAL
......................................................
TEMPERATURE (F)
 YESTERDAY
  MAXIMUM         57    417 PM  67    -10       70
  MINIMUM         37   1134 PM  44     -7       44
  AVERAGE         47            55     -8       57

PRECIPITATION (IN)
  YESTERDAY        0.00          0.12  -0.12     0.00
  MONTH TO DATE    2.30          3.02  -0.72     3.86
  SINCE MAR 1      3.08          5.69  -2.61     5.36
  SINCE JAN 1      4.81          9.31  -4.50     8.70

DEGREE DAYS
 HEATING
  YESTERDAY       18            10      8        8
  MONTH TO DATE  332           368    -36      383
  SINCE MAR 1   1217          1119     98     1371
  SINCE JUL 1   6295          5453    842     6333

 COOLING
  YESTERDAY        0             1     -1        0
  MONTH TO DATE    2             8     -6        1
  SINCE MAR 1      2             9     -7        1
  SINCE JAN 1      2             9     -7        1
......................................................


WIND (MPH)
  HIGHEST WIND SPEED    21   HIGHEST WIND DIRECTION     N (350)
  HIGHEST GUST SPEED    27   HIGHEST GUST DIRECTION     N (350)
  AVERAGE WIND SPEED    10.5


SKY COVER
  AVERAGE SKY COVER 0.3


WEATHER CONDITIONS
 THE FOLLOWING WEATHER WAS RECORDED YESTERDAY.
  NO SIGNIFICANT WEATHER WAS OBSERVED.


RELATIVE HUMIDITY (PERCENT)
 HIGHEST    82           600 AM
 LOWEST     41           500 PM
 AVERAGE    62

..........................................................


THE LAFAYETTE IN CLIMATE NORMALS FOR TODAY
                         NORMAL
 MAXIMUM TEMPERATURE (F)   67
 MINIMUM TEMPERATURE (F)   44


SUNRISE AND SUNSET
APRIL 27 2015.........SUNRISE   653 AM EDT   SUNSET   839 PM EDT
APRIL 28 2015.........SUNRISE   651 AM EDT   SUNSET   840 PM EDT


-  INDICATES NEGATIVE NUMBERS.
R  INDICATES RECORD WAS SET OR TIED.
MM INDICATES DATA IS MISSING.
T  INDICATES TRACE AMOUNT.




$$
