000
CDUS46 KLOX 280924
CLILAX


CLIMATE REPORT
NATIONAL WEATHER SERVICE LOS ANGELES/OXNARD CA
224 AM PDT TUE APR 28 2015


...................................

...THE LOS ANGELES INTL AIRPORT CA CLIMATE SUMMARY FOR APRIL 27 2015...

CLIMATE NORMAL PERIOD 1981 TO 2010
CLIMATE RECORD PERIOD 1944 TO 2015


WEATHER ITEM   OBSERVED TIME   RECORD YEAR NORMAL DEPARTURE LAST
                VALUE   (LST)  VALUE       VALUE  FROM      YEAR
                                                  NORMAL
..................................................................
TEMPERATURE (F)
 YESTERDAY
  MAXIMUM         76    327 PM  93    2004  67      9       67
  MINIMUM         55    421 AM  46    1945  55      0       53
  AVERAGE         66                        61      5       60

PRECIPITATION (IN)
  YESTERDAY        0.00          1.26 1960   0.01  -0.01     0.00
  MONTH TO DATE    0.11                      0.65  -0.54     0.26
  SINCE OCT 1      6.82                     12.18  -5.36     4.42
  SINCE JAN 1      2.12                      8.46  -6.34     3.41

SNOWFALL (IN)
  YESTERDAY        0.0
  MONTH TO DATE    0.0
  SINCE MAR 1      0.0
  SINCE JUL 1      0.0

DEGREE DAYS
 HEATING
  YESTERDAY        0                         4     -4        5
  MONTH TO DATE   92                       145    -53       93
  SINCE MAR 1    167                       366   -199      183
  SINCE JUL 1    700                      1295   -595      738

 COOLING
  YESTERDAY        1                         1      0        0
  MONTH TO DATE   11                         6      5        9
  SINCE MAR 1     79                        12     67       28
  SINCE JAN 1    106                        21     85       44
..................................................................


WIND (MPH)
  HIGHEST WIND SPEED    20   HIGHEST WIND DIRECTION     W (260)
  HIGHEST GUST SPEED    23   HIGHEST GUST DIRECTION     W (280)
  AVERAGE WIND SPEED     8.3


SKY COVER
  POSSIBLE SUNSHINE  MM
  AVERAGE SKY COVER 0.2


WEATHER CONDITIONS
 THE FOLLOWING WEATHER WAS RECORDED YESTERDAY.
  NO SIGNIFICANT WEATHER WAS OBSERVED.


RELATIVE HUMIDITY (PERCENT)
 HIGHEST    80           200 AM
 LOWEST     31           300 PM
 AVERAGE    56

..........................................................


THE LOS ANGELES INTL AIRPORT CA CLIMATE NORMALS FOR TODAY
                         NORMAL    RECORD    YEAR
 MAXIMUM TEMPERATURE (F)   68        93      2008
 MINIMUM TEMPERATURE (F)   55        46      1984


SUNRISE AND SUNSET
APRIL 28 2015.........SUNRISE   608 AM PDT   SUNSET   735 PM PDT
APRIL 29 2015.........SUNRISE   607 AM PDT   SUNSET   736 PM PDT


-  INDICATES NEGATIVE NUMBERS.
R  INDICATES RECORD WAS SET OR TIED.
MM INDICATES DATA IS MISSING.
T  INDICATES TRACE AMOUNT.




$$
