000
CDUS44 KLUB 270626
CLILBB


CLIMATE REPORT
NATIONAL WEATHER SERVICE LUBBOCK, TX
125 AM CDT MON APR 27 2015


...................................

...THE LUBBOCK CLIMATE SUMMARY FOR APRIL 26 2015...

CLIMATE NORMAL PERIOD 1981 TO 2010
CLIMATE RECORD PERIOD 1911 TO 2015


WEATHER ITEM   OBSERVED TIME   RECORD YEAR NORMAL DEPARTURE LAST
                VALUE   (LST)  VALUE       VALUE  FROM      YEAR
                                                  NORMAL
..................................................................
TEMPERATURE (F)
 YESTERDAY
  MAXIMUM         83   1229 PM  96    1943  78      5       90
  MINIMUM         48    547 AM  29    1947  49     -1       66
  AVERAGE         66                        64      2       78

PRECIPITATION (IN)
  YESTERDAY        0.09          0.89 1916   0.05   0.04     0.00
  MONTH TO DATE    0.74                      1.17  -0.43     0.57
  SINCE MAR 1      1.04                      2.27  -1.23     0.74
  SINCE JAN 1      3.31                      3.67  -0.36     0.90

SNOWFALL (IN)
  YESTERDAY       MM             T    1998   0.0   MM        0.0
  MONTH TO DATE    0.0                       0.2   -0.2       T
  SINCE MAR 1      1.1                       0.8    0.3       T
  SINCE JUL 1     14.7                       8.2    6.5      4.2
  SNOW DEPTH       0

DEGREE DAYS
 HEATING
  YESTERDAY        0                         4     -4        0
  MONTH TO DATE   90                       169    -79      142
  SINCE MAR 1    470                       584   -114      582
  SINCE JUL 1   3189                      3323   -134     3434

 COOLING
  YESTERDAY        1                         3     -2       13
  MONTH TO DATE   52                        38     14       55
  SINCE MAR 1     55                        45     10       58
  SINCE JAN 1     55                        45     10       58
..................................................................


WIND (MPH)
  RESULTANT WIND SPEED   8   RESULTANT WIND DIRECTION   W (260)
  HIGHEST WIND SPEED    31   HIGHEST WIND DIRECTION     W (260)
  HIGHEST GUST SPEED    37   HIGHEST GUST DIRECTION     W (260)
  AVERAGE WIND SPEED    11.3


SKY COVER
  AVERAGE SKY COVER 0.7


WEATHER CONDITIONS
 THE FOLLOWING WEATHER WAS RECORDED YESTERDAY.
  LIGHT RAIN
  FOG


RELATIVE HUMIDITY (PERCENT)
 HIGHEST    93          1000 PM
 LOWEST     12           100 PM
 AVERAGE    53

..........................................................


THE LUBBOCK CLIMATE NORMALS FOR TODAY
                         NORMAL    RECORD    YEAR
 MAXIMUM TEMPERATURE (F)   79        97      1996
 MINIMUM TEMPERATURE (F)   50        27      1920


SUNRISE AND SUNSET
APRIL 27 2015.........SUNRISE   703 AM CDT   SUNSET   827 PM CDT
APRIL 28 2015.........SUNRISE   702 AM CDT   SUNSET   828 PM CDT


-  INDICATES NEGATIVE NUMBERS.
R  INDICATES RECORD WAS SET OR TIED.
MM INDICATES DATA IS MISSING.
T  INDICATES TRACE AMOUNT.




$$
