000
CDUS44 KLCH 260856
CLILCH


CLIMATE REPORT
NATIONAL WEATHER SERVICE LAKE CHARLES, LA
356 AM CDT SUN APR 26 2015


...................................

...THE LAKE CHARLES CLIMATE SUMMARY FOR APRIL 25 2015...

CLIMATE NORMAL PERIOD 1981 TO 2010
CLIMATE RECORD PERIOD 1895 TO 2015


WEATHER ITEM   OBSERVED TIME   RECORD YEAR NORMAL DEPARTURE LAST
                VALUE   (LST)  VALUE       VALUE  FROM      YEAR
                                                  NORMAL
..................................................................
TEMPERATURE (F)
 YESTERDAY
  MAXIMUM         80    443 PM  89    1999  80      0       86
                                      1908
  MINIMUM         67   1159 PM  33    1910  61      6       66
  AVERAGE         74                        70      4       76

PRECIPITATION (IN)
  YESTERDAY        1.19          5.02 1997   0.12   1.07     0.00
  MONTH TO DATE   11.27                      2.74   8.53     0.81
  SINCE MAR 1     17.48                      6.40  11.08     2.88
  SINCE JAN 1     25.96                     15.09  10.87     9.67

SNOWFALL (IN)
  YESTERDAY        0.0           0.0    MM   0.0    0.0      0.0
  MONTH TO DATE    0.0                       0.0    0.0      0.0
  SINCE MAR 1      T                         0.0    0.0      0.0
  SINCE JUL 1      T                         0.1   -0.1      0.1
  SNOW DEPTH       0

DEGREE DAYS
 HEATING
  YESTERDAY        0                         1     -1        0
  MONTH TO DATE    1                        44    -43       49
  SINCE MAR 1    102                       206   -104      299
  SINCE JUL 1   1540                      1488     52     1950

 COOLING
  YESTERDAY        9                         6      3       11
  MONTH TO DATE  169                       105     64       90
  SINCE MAR 1    226                       154     72      103
  SINCE JAN 1    232                       177     55      118
..................................................................


WIND (MPH)
  HIGHEST WIND SPEED    22   HIGHEST WIND DIRECTION    NW (320)
  HIGHEST GUST SPEED    33   HIGHEST GUST DIRECTION     N (340)
  AVERAGE WIND SPEED     6.4


SKY COVER
  POSSIBLE SUNSHINE  MM
  AVERAGE SKY COVER 0.4


WEATHER CONDITIONS
 THE FOLLOWING WEATHER WAS RECORDED YESTERDAY.
  THUNDERSTORM
  HEAVY RAIN
  RAIN
  LIGHT RAIN
  FOG


RELATIVE HUMIDITY (PERCENT)
 HIGHEST    97          1000 PM
 LOWEST     62           400 PM
 AVERAGE    80

..........................................................


THE LAKE CHARLES CLIMATE NORMALS FOR TODAY
                         NORMAL    RECORD    YEAR
 MAXIMUM TEMPERATURE (F)   80        90      1925
 MINIMUM TEMPERATURE (F)   61        32      1910


SUNRISE AND SUNSET
APRIL 26 2015.........SUNRISE   635 AM CDT   SUNSET   747 PM CDT
APRIL 27 2015.........SUNRISE   634 AM CDT   SUNSET   748 PM CDT


-  INDICATES NEGATIVE NUMBERS.
R  INDICATES RECORD WAS SET OR TIED.
MM INDICATES DATA IS MISSING.
T  INDICATES TRACE AMOUNT.




$$
