000
CDUS44 KLCH 250851
CLILFT


CLIMATE REPORT
NATIONAL WEATHER SERVICE LAKE CHARLES, LA
351 AM CDT SAT APR 25 2015


...................................

...THE LAFAYETTE CLIMATE SUMMARY FOR APRIL 24 2015...

CLIMATE NORMAL PERIOD 1981 TO 2010
CLIMATE RECORD PERIOD 1893 TO 2015


WEATHER ITEM   OBSERVED TIME   RECORD YEAR NORMAL DEPARTURE LAST
                VALUE   (LST)  VALUE       VALUE  FROM      YEAR
                                                  NORMAL
..................................................................
TEMPERATURE (F)
 YESTERDAY
  MAXIMUM         84    120 PM  90    2006  81      3       80
                                      1955
  MINIMUM         69    407 PM  42    1910  61      8       60
  AVERAGE         77                        71      6       70

PRECIPITATION (IN)
  YESTERDAY        0.03          3.72 1953   0.14  -0.11     0.00
  MONTH TO DATE    7.39                      3.09   4.30     1.89
  SINCE MAR 1     11.31                      6.88   4.43     4.74
  SINCE JAN 1     18.41                     17.00   1.41    11.99

SNOWFALL (IN)
  YESTERDAY        0.0           0.0    MM   0.0    0.0      0.0
  MONTH TO DATE    0.0                       0.0    0.0      0.0
  SINCE MAR 1      T                         0.0    0.0      0.0
  SINCE JUL 1      T                         T      0.0      0.8
  SNOW DEPTH       0

DEGREE DAYS
 HEATING
  YESTERDAY        0                         0      0        0
  MONTH TO DATE    2                        38    -36       54
  SINCE MAR 1     85                       188   -103      289
  SINCE JUL 1   1528                      1418    110     1949

 COOLING
  YESTERDAY       12                         7      5        5
  MONTH TO DATE  177                       115     62       76
  SINCE MAR 1    267                       178     89      100
  SINCE JAN 1    272                       210     62      114
..................................................................


WIND (MPH)
  HIGHEST WIND SPEED    23   HIGHEST WIND DIRECTION     N (350)
  HIGHEST GUST SPEED    29   HIGHEST GUST DIRECTION     N (340)
  AVERAGE WIND SPEED     4.7


SKY COVER
  POSSIBLE SUNSHINE  MM
  AVERAGE SKY COVER 0.8


WEATHER CONDITIONS
 THE FOLLOWING WEATHER WAS RECORDED YESTERDAY.
  THUNDERSTORM
  LIGHT RAIN
  FOG
  HAZE


RELATIVE HUMIDITY (PERCENT)
 HIGHEST    94           800 AM
 LOWEST     74           100 PM
 AVERAGE    84

..........................................................


THE LAFAYETTE CLIMATE NORMALS FOR TODAY
                         NORMAL    RECORD    YEAR
 MAXIMUM TEMPERATURE (F)   82        92      1925
 MINIMUM TEMPERATURE (F)   61        45      1968


SUNRISE AND SUNSET
APRIL 25 2015.........SUNRISE   631 AM CDT   SUNSET   742 PM CDT
APRIL 26 2015.........SUNRISE   630 AM CDT   SUNSET   742 PM CDT


-  INDICATES NEGATIVE NUMBERS.
R  INDICATES RECORD WAS SET OR TIED.
MM INDICATES DATA IS MISSING.
T  INDICATES TRACE AMOUNT.




$$
