000
CDUS46 KLOX 270112
CLILGB


CLIMATE REPORT
NATIONAL WEATHER SERVICE LOS ANGELES/OXNARD CA
612 PM PDT SUN APR 26 2015


...................................

...THE LONG BEACH AIRPORT CA CLIMATE SUMMARY FOR APRIL 26 2015...
VALID TODAY AS OF 0600 PM LOCAL TIME.

CLIMATE NORMAL PERIOD 1981 TO 2010
CLIMATE RECORD PERIOD 1958 TO 2015


WEATHER ITEM   OBSERVED TIME   RECORD YEAR NORMAL DEPARTURE LAST
                VALUE   (LST)  VALUE       VALUE  FROM      YEAR
                                                  NORMAL
..................................................................
TEMPERATURE (F)
 TODAY
  MAXIMUM         74    327 PM 101    2004  73      1       67
  MINIMUM         52    528 AM  45    1967  55     -3       54
                                      1964
                                      1960
  AVERAGE         63                        64     -1       61

PRECIPITATION (IN)
  TODAY            0.00          0.41 1960   0.01  -0.01     0.00
  MONTH TO DATE    0.22                      0.55  -0.33     0.37
  SINCE OCT 1      7.08                     11.69  -4.61     4.43
  SINCE JAN 1      1.82                      8.11  -6.29     3.19

SNOWFALL (IN)
  TODAY            0.0
  MONTH TO DATE    0.0
  SINCE MAR 1      0.0
  SINCE JUL 1      0.0

DEGREE DAYS
 HEATING
  TODAY            2                         3     -1        4
  MONTH TO DATE   36                        97    -61       50
  SINCE MAR 1     78                       276   -198      128
  SINCE JUL 1    501                      1167   -666      706

 COOLING
  TODAY            0                         1     -1        0
  MONTH TO DATE   32                        26      6       38
  SINCE MAR 1    150                        36    114       61
  SINCE JAN 1    187                        44    143       76
..................................................................


WIND (MPH)
  HIGHEST WIND SPEED    18   HIGHEST WIND DIRECTION     W (280)
  HIGHEST GUST SPEED    23   HIGHEST GUST DIRECTION     W (280)
  AVERAGE WIND SPEED     5.8


SKY COVER
  POSSIBLE SUNSHINE  MM
  AVERAGE SKY COVER 0.1


WEATHER CONDITIONS
 THE FOLLOWING WEATHER WAS RECORDED TODAY.
  NO SIGNIFICANT WEATHER WAS OBSERVED.


RELATIVE HUMIDITY (PERCENT)
 HIGHEST    89           300 AM
 LOWEST     33           300 PM
 AVERAGE    61

..........................................................


THE LONG BEACH AIRPORT CA CLIMATE NORMALS FOR TOMORROW
                         NORMAL    RECORD    YEAR
 MAXIMUM TEMPERATURE (F)   73        99      2004
 MINIMUM TEMPERATURE (F)   55        45      1971


SUNRISE AND SUNSET
APRIL 26 2015.........SUNRISE   609 AM PDT   SUNSET   732 PM PDT
APRIL 27 2015.........SUNRISE   608 AM PDT   SUNSET   733 PM PDT


-  INDICATES NEGATIVE NUMBERS.
R  INDICATES RECORD WAS SET OR TIED.
MM INDICATES DATA IS MISSING.
T  INDICATES TRACE AMOUNT.




$$
