000
CDHW41 PHFO 070225
CLILIH


CLIMATE REPORT
NATIONAL WEATHER SERVICE HONOLULU HI
425 PM HST WED MAY 6 2015


...................................

...THE LIHUE HI CLIMATE SUMMARY FOR MAY 6 2015...
VALID TODAY AS OF 0400 PM LOCAL TIME.

CLIMATE NORMAL PERIOD 1981 TO 2010
CLIMATE RECORD PERIOD 1946 TO 2015


WEATHER ITEM   OBSERVED TIME   RECORD YEAR NORMAL DEPARTURE LAST
                VALUE   (LST)  VALUE       VALUE  FROM      YEAR
                                                  NORMAL
..................................................................
TEMPERATURE (F)
 TODAY
  MAXIMUM         82    233 PM  85    1982  80      2       83
  MINIMUM         73    815 AM  63    1954  70      3       72
  AVERAGE         78                        75      3       78

PRECIPITATION (IN)
  TODAY            0.01          1.01 1997   0.08  -0.07      T
  MONTH TO DATE    0.04                      0.48  -0.44      T
  SINCE MAR 1      3.16                      7.34  -4.18     2.58
  SINCE JAN 1      5.07                     14.25  -9.18    12.98

SNOWFALL (IN)
  TODAY            0.0
  MONTH TO DATE    0.0
  SINCE MAR 1      0.0
  SINCE JUL 1      0.0
  SNOW DEPTH       0

DEGREE DAYS
 HEATING
  TODAY            0                         0      0        0
  MONTH TO DATE    0                         0      0        0
  SINCE MAR 1      0                         0      0        0
  SINCE JUL 1      0                         0      0        0

 COOLING
  TODAY           13                        10      3       13
  MONTH TO DATE   78                        60     18       65
  SINCE MAR 1    683                       569    114      565
  SINCE JAN 1   1139                       964    175      941
..................................................................


WIND (MPH)
  HIGHEST WIND SPEED    24   HIGHEST WIND DIRECTION     E (90)
  HIGHEST GUST SPEED    29   HIGHEST GUST DIRECTION     E (90)
  AVERAGE WIND SPEED    16.0


SKY COVER
  POSSIBLE SUNSHINE  MM
  AVERAGE SKY COVER 0.7


WEATHER CONDITIONS
 THE FOLLOWING WEATHER WAS RECORDED TODAY.
  NO SIGNIFICANT WEATHER WAS OBSERVED.


RELATIVE HUMIDITY (PERCENT)
 HIGHEST    79           700 AM
 LOWEST     58           100 PM
 AVERAGE    69

..........................................................


THE LIHUE HI CLIMATE NORMALS FOR TOMORROW
                         NORMAL    RECORD    YEAR
 MAXIMUM TEMPERATURE (F)   80        84      1961
 MINIMUM TEMPERATURE (F)   70        61      1957


SUNRISE AND SUNSET
MAY  6 2015...........SUNRISE   603 AM HST   SUNSET   706 PM HST
MAY  7 2015...........SUNRISE   602 AM HST   SUNSET   706 PM HST


-  INDICATES NEGATIVE NUMBERS.
R  INDICATES RECORD WAS SET OR TIED.
MM INDICATES DATA IS MISSING.
T  INDICATES TRACE AMOUNT.




$$
