000
CDUS44 KLZK 172113
CLILIT


CLIMATE REPORT
NATIONAL WEATHER SERVICE LITTLE ROCK AR
413 PM CDT FRI APR 17 2015


...................................

...THE LITTLE ROCK ADAMS FIELD CLIMATE SUMMARY FOR APRIL 17 2015...
VALID TODAY AS OF 0400 PM LOCAL TIME.

CLIMATE NORMAL PERIOD 1981 TO 2010
CLIMATE RECORD PERIOD 1874 TO 2015


WEATHER ITEM   OBSERVED TIME   RECORD YEAR NORMAL DEPARTURE LAST
                VALUE   (LST)  VALUE       VALUE  FROM      YEAR
                                                  NORMAL
..................................................................
TEMPERATURE (F)
 TODAY
  MAXIMUM         80    111 PM  92    2006  74      6       70
  MINIMUM         63    603 AM  34    1951  51     12       40
                                      1921
  AVERAGE         72                        62     10       55

PRECIPITATION (IN)
  TODAY            0.00          2.07 1970   0.17  -0.17     0.00
  MONTH TO DATE    2.66                      2.80  -0.14     3.52
  SINCE MAR 1     10.76                      7.48   3.28     8.81
  SINCE JAN 1     17.57                     14.69   2.88    14.38

SNOWFALL (IN)
  TODAY            0.0          MM      MM   0.0    0.0      0.0
  MONTH TO DATE    T                         0.0    0.0       T
  SINCE MAR 1      5.7                       0.4    5.3      2.2
  SINCE JUL 1     11.1                       3.5    7.6      6.2
  SNOW DEPTH       0

DEGREE DAYS
 HEATING
  TODAY            0                         4     -4       10
  MONTH TO DATE   36                       106    -70      130
  SINCE MAR 1    431                       481    -50      625
  SINCE JUL 1   3077                      2994     83     3398

 COOLING
  TODAY            7                         2      5        0
  MONTH TO DATE   57                        24     33       28
  SINCE MAR 1     71                        38     33       28
  SINCE JAN 1     71                        40     31       28
..................................................................


WIND (MPH)
  HIGHEST WIND SPEED    17   HIGHEST WIND DIRECTION     E (90)
  HIGHEST GUST SPEED    21   HIGHEST GUST DIRECTION     E (90)
  AVERAGE WIND SPEED     4.9


SKY COVER
  POSSIBLE SUNSHINE  MM
  AVERAGE SKY COVER 0.9


WEATHER CONDITIONS
 THE FOLLOWING WEATHER WAS RECORDED TODAY.
  NO SIGNIFICANT WEATHER WAS OBSERVED.


RELATIVE HUMIDITY (PERCENT)
 HIGHEST    93           400 AM
 LOWEST     51           100 PM
 AVERAGE    72

..........................................................


THE LITTLE ROCK ADAMS FIELD CLIMATE NORMALS FOR TOMORROW
                         NORMAL    RECORD    YEAR
 MAXIMUM TEMPERATURE (F)   74        94      2006
 MINIMUM TEMPERATURE (F)   52        35      1983


SUNRISE AND SUNSET
APRIL 17 2015.........SUNRISE   635 AM CDT   SUNSET   743 PM CDT
APRIL 18 2015.........SUNRISE   634 AM CDT   SUNSET   743 PM CDT


-  INDICATES NEGATIVE NUMBERS.
R  INDICATES RECORD WAS SET OR TIED.
MM INDICATES DATA IS MISSING.
T  INDICATES TRACE AMOUNT.




$$
