000
CDUS46 KMFR 200046
CLILMT


CLIMATE REPORT
NATIONAL WEATHER SERVICE MEDFORD, OR
546 PM PDT SUN APR 19 2015


...................................

...THE KLAMATH FALLS OR CLIMATE SUMMARY FOR APRIL 19 2015...
VALID TODAY AS OF 0500 PM LOCAL TIME.

CLIMATE NORMAL PERIOD 1981 TO 2010
CLIMATE RECORD PERIOD 1928 TO 2015


WEATHER ITEM   OBSERVED TIME   RECORD YEAR NORMAL DEPARTURE LAST
                VALUE   (LST)  VALUE       VALUE  FROM      YEAR
                                                  NORMAL
..................................................................
TEMPERATURE (F)
 TODAY
  MAXIMUM         74        MM  78    1950  57     17       65
  MINIMUM         29        MM  18    1979  30     -1       24
  AVERAGE         52                        44      8       45

PRECIPITATION (IN)
  TODAY            0.00          0.50 1981   0.05  -0.05     0.00
  MONTH TO DATE    0.08                      0.75  -0.67     0.08
  SINCE OCT 1     10.06                     10.48  -0.42     5.30
  SINCE JAN 1      3.60                      5.79  -2.19     4.67

SNOWFALL (IN)
  TODAY           MM                        MM     MM       MM
  MONTH TO DATE   MM                        MM     MM       MM
  SINCE JUL 1     MM                        MM     MM        0.0
  SNOW DEPTH      MM

DEGREE DAYS
 HEATING
  TODAY           13                        21     -8       20
  MONTH TO DATE  465                       443     22      361
  SINCE MAR 1   1111                      1264   -153     1075
  SINCE JUL 1   4685                      6105  -1420     5858

 COOLING
  TODAY            0                         0      0        0
  MONTH TO DATE    0                         0      0        0
  SINCE MAR 1      0                         0      0        0
  SINCE JAN 1      0                         0      0        0
..................................................................


WIND (MPH)
  HIGHEST WIND SPEED    10   HIGHEST WIND DIRECTION    NW (330)
  HIGHEST GUST SPEED    MM   HIGHEST GUST DIRECTION    MM
  AVERAGE WIND SPEED     3.8


SKY COVER
  POSSIBLE SUNSHINE  MM
  AVERAGE SKY COVER 0.0


WEATHER CONDITIONS
 THE FOLLOWING WEATHER WAS RECORDED TODAY.
  NO SIGNIFICANT WEATHER WAS OBSERVED.


RELATIVE HUMIDITY (PERCENT)
 HIGHEST    MM
 LOWEST     MM

..........................................................


THE KLAMATH FALLS OR CLIMATE NORMALS FOR TOMORROW
                         NORMAL    RECORD    YEAR
 MAXIMUM TEMPERATURE (F)   58        81      2009
 MINIMUM TEMPERATURE (F)   31        15      1970


SUNRISE AND SUNSET
APRIL 19 2015.........SUNRISE   620 AM PDT   SUNSET   753 PM PDT
APRIL 20 2015.........SUNRISE   619 AM PDT   SUNSET   754 PM PDT


-  INDICATES NEGATIVE NUMBERS.
R  INDICATES RECORD WAS SET OR TIED.
MM INDICATES DATA IS MISSING.
T  INDICATES TRACE AMOUNT.




$$
