000
CDUS44 KCRP 020037 RRA
CLILRD

CLIMATE REPORT
NATIONAL WEATHER SERVICE CORPUS CHRISTI TX
736 PM CDT WED APR 1 2015


...................................

...THE LAREDO CLIMATE SUMMARY FOR APRIL 1 2015...
VALID TODAY AS OF 0500 PM LOCAL TIME.

CLIMATE NORMAL PERIOD 1981 TO 2010
CLIMATE RECORD PERIOD 1900 TO 2015


WEATHER ITEM   OBSERVED TIME   RECORD YEAR NORMAL DEPARTURE LAST
                VALUE   (LST)  VALUE       VALUE  FROM      YEAR
                                                  NORMAL
..................................................................
TEMPERATURE (F)
 TODAY
  MAXIMUM         85    537 PM 102    1939  84      1       91
  MINIMUM         69    735 AM  41    1932  61      8       68
  AVERAGE         77                        73      4       80

PRECIPITATION (IN)
  TODAY            T             0.73 2000   0.03  -0.03     0.00
  MONTH TO DATE    T                         0.03  -0.03     0.00
  SINCE MAR 1      2.57                      1.15   1.42     1.08
  SINCE JAN 1      3.45                      2.99   0.46     1.29

SNOWFALL (IN)
  TODAY            0.0
  MONTH TO DATE    0.0
  SINCE MAR 1      0.0
  SINCE JUL 1      0.0

DEGREE DAYS
 HEATING
  TODAY            0                         1     -1        0
  MONTH TO DATE    0                         1     -1        0
  SINCE MAR 1    128                        70     58       99
  SINCE JUL 1   1063                       914    149     1090

 COOLING
  TODAY           12                         9      3       15
  MONTH TO DATE   12                         9      3       15
  SINCE MAR 1    103                       182    -79      151
  SINCE JAN 1    151                       267   -116      263
..................................................................


WIND (MPH)
  HIGHEST WIND SPEED    21   HIGHEST WIND DIRECTION    SE (150)
  HIGHEST GUST SPEED    23   HIGHEST GUST DIRECTION     S (160)


SKY COVER
  POSSIBLE SUNSHINE  MM
  AVERAGE SKY COVER 0.6


WEATHER CONDITIONS
 THE FOLLOWING WEATHER WAS RECORDED TODAY.
  LIGHT RAIN
  FOG


RELATIVE HUMIDITY (PERCENT)
 HIGHEST    93           600 AM
 LOWEST     53           300 PM
 AVERAGE    73

..........................................................


THE LAREDO CLIMATE NORMALS FOR TOMORROW
                         NORMAL    RECORD    YEAR
 MAXIMUM TEMPERATURE (F)   85       105      1939
 MINIMUM TEMPERATURE (F)   61        40      1909


SUNRISE AND SUNSET
APRIL  1 2015.........SUNRISE   729 AM CDT   SUNSET   755 PM CDT
APRIL  2 2015.........SUNRISE   727 AM CDT   SUNSET   756 PM CDT


-  INDICATES NEGATIVE NUMBERS.
R  INDICATES RECORD WAS SET OR TIED.
MM INDICATES DATA IS MISSING.
T  INDICATES TRACE AMOUNT.




$$
