000
CDUS45 KBYZ 242230
CLILVM


CLIMATE REPORT
NATIONAL WEATHER SERVICE BILLINGS MT
426 PM MDT FRI APR 24 2015


...................................

...THE LIVINGSTON MT CLIMATE SUMMARY FOR APRIL 24 2015...
VALID TODAY AS OF 0400 PM LOCAL TIME.

CLIMATE NORMAL PERIOD 1981 TO 2010
CLIMATE RECORD PERIOD 1948 TO 2015


WEATHER ITEM   OBSERVED TIME   RECORD YEAR NORMAL DEPARTURE LAST
                VALUE   (LST)  VALUE       VALUE  FROM      YEAR
                                                  NORMAL
..................................................................
TEMPERATURE (F)
 TODAY
  MAXIMUM         66    237 PM  81    2012  58      8       57
                                      1962
  MINIMUM         37    448 AM  20    2009  31      6       36
                                      1960
  AVERAGE         52                        44      8       47

PRECIPITATION (IN)
  TODAY            0.00          1.04        0.07  -0.07     0.04
  MONTH TO DATE    0.66                      1.34  -0.68     0.92
  SINCE OCT 1      3.91                      5.54  -1.63     6.29
  SINCE JAN 1      2.12                      3.17  -1.05     4.00

DEGREE DAYS
 HEATING
  TODAY           13                        21     -8       18
  MONTH TO DATE  523                       570    -47      478
  SINCE MAR 1   1129                      1481   -352     1407
  SINCE JUL 1   5743                      6829  -1086     6650

 COOLING
  TODAY            0                         0      0        0
  MONTH TO DATE    0                         0      0        0
  SINCE MAR 1      0                         0      0        0
  SINCE JAN 1      0                         0      0        0
..................................................................


WIND (MPH)
  HIGHEST WIND SPEED    18   HIGHEST WIND DIRECTION    SW (230)
  HIGHEST GUST SPEED    24   HIGHEST GUST DIRECTION    SW (230)
  AVERAGE WIND SPEED     5.7


SKY COVER
  POSSIBLE SUNSHINE  MM
  AVERAGE SKY COVER 0.3


WEATHER CONDITIONS
 THE FOLLOWING WEATHER WAS RECORDED TODAY.
  NO SIGNIFICANT WEATHER WAS OBSERVED.


RELATIVE HUMIDITY (PERCENT)
 HIGHEST    85           600 AM
 LOWEST     27          1200 PM
 AVERAGE    56

..........................................................


THE LIVINGSTON MT CLIMATE NORMALS FOR TOMORROW
                         NORMAL    RECORD    YEAR
 MAXIMUM TEMPERATURE (F)   58        80      1952
 MINIMUM TEMPERATURE (F)   31        16      2009


SUNRISE AND SUNSET
APRIL 24 2015.........SUNRISE   621 AM MDT   SUNSET   820 PM MDT
APRIL 25 2015.........SUNRISE   619 AM MDT   SUNSET   821 PM MDT


-  INDICATES NEGATIVE NUMBERS.
R  INDICATES RECORD WAS SET OR TIED.
MM INDICATES DATA IS MISSING.
T  INDICATES TRACE AMOUNT.





&&

THIS IS AN AUTOMATED...UNATTENDED WEATHER STATION AND MAY
UNDERESTIMATE WINTER PRECIPITATION.

$$
