000
CDUS45 KTFX 061013
CLILWT


CLIMATE REPORT
NATIONAL WEATHER SERVICE GREAT FALLS MT
412 AM MDT WED MAY 6 2015


...................................

...THE LEWISTOWN MT CLIMATE SUMMARY FOR MAY 5 2015...

CLIMATE NORMAL PERIOD 1981 TO 2010
CLIMATE RECORD PERIOD 1896 TO 2015


WEATHER ITEM   OBSERVED TIME   RECORD YEAR NORMAL DEPARTURE LAST
                VALUE   (LST)  VALUE       VALUE  FROM      YEAR
                                                  NORMAL
..................................................................
TEMPERATURE (F)
 YESTERDAY
  MAXIMUM         73   1124 AM  85    1934  60     13       58
  MINIMUM         41    407 AM  21    1942  34      7       36
  AVERAGE         57                        47     10       47

PRECIPITATION (IN)
  YESTERDAY        0.14          1.01 1986   0.06   0.08     0.17
  MONTH TO DATE    0.14                      0.33  -0.19     0.28
  SINCE OCT 1      6.50                      6.24   0.26     6.12
  SINCE JAN 1      4.19                      3.74   0.45     4.04

SNOWFALL (IN)
  YESTERDAY       MM
  SNOW DEPTH       0

DEGREE DAYS
 HEATING
  YESTERDAY        8                        18    -10       18
  MONTH TO DATE   50                        94    -44       92
  SINCE MAR 1   1377                      1797   -420     1926
  SINCE JUL 1   6575                      7601  -1026     7982

 COOLING
  YESTERDAY        0                         0      0        0
  MONTH TO DATE    0                         0      0        0
  SINCE MAR 1      0                         0      0        0
  SINCE JAN 1      0                         0      0        0
..................................................................


WIND (MPH)
  HIGHEST WIND SPEED    23   HIGHEST WIND DIRECTION     S (180)
  HIGHEST GUST SPEED    30   HIGHEST GUST DIRECTION    SE (150)
  AVERAGE WIND SPEED     6.7


SKY COVER
  AVERAGE SKY COVER 0.4


WEATHER CONDITIONS
 THE FOLLOWING WEATHER WAS RECORDED YESTERDAY.
  THUNDERSTORM
  LIGHT RAIN


RELATIVE HUMIDITY (PERCENT)
 HIGHEST    83          1100 PM
 LOWEST     35          1000 AM
 AVERAGE    59

..........................................................


THE LEWISTOWN MT CLIMATE NORMALS FOR TODAY
                         NORMAL    RECORD    YEAR
 MAXIMUM TEMPERATURE (F)   60        85      1966
 MINIMUM TEMPERATURE (F)   34        11      1929


SUNRISE AND SUNSET
MAY  6 2015...........SUNRISE   555 AM MDT   SUNSET   835 PM MDT
MAY  7 2015...........SUNRISE   553 AM MDT   SUNSET   836 PM MDT


-  INDICATES NEGATIVE NUMBERS.
R  INDICATES RECORD WAS SET OR TIED.
MM INDICATES DATA IS MISSING.
T  INDICATES TRACE AMOUNT.




$$
