000
CDUS43 KILX 260637
CLILWV


CLIMATE REPORT
NATIONAL WEATHER SERVICE LINCOLN IL
136 AM CDT SUN APR 26 2015


...................................

...THE LAWRENCEVILLE IL AIRPORT CLIMATE SUMMARY FOR APRIL 25 2015...

CLIMATE NORMAL PERIOD 1981 TO 2010
CLIMATE RECORD PERIOD 9999 TO 9999


WEATHER ITEM   OBSERVED TIME   RECORD YEAR NORMAL DEPARTURE LAST
                VALUE   (LST)  VALUE       VALUE  FROM      YEAR
                                                  NORMAL
..................................................................
TEMPERATURE (F)
 YESTERDAY
  MAXIMUM         57   1245 PM  MM      MM  70    -13       71
  MINIMUM         47   1156 PM  MM      MM  49     -2       53
  AVERAGE         52                        60     -8       62

PRECIPITATION (IN)
  YESTERDAY        0.34         MM      MM   0.18   0.16     0.22
  MONTH TO DATE    6.11                      3.15   2.96     6.16
  SINCE MAR 1     10.98                      6.58   4.40     7.20
  SINCE JAN 1     13.48                     10.97   2.51     9.96

DEGREE DAYS
 HEATING
  YESTERDAY       13                         7      6        3
  MONTH TO DATE  199                       267    -68      238
  SINCE MAR 1    924                       889     35     1021
  SINCE JUL 1   5198                      4564    634     5423

 COOLING
  YESTERDAY        0                         1     -1        0
  MONTH TO DATE    7                        19    -12        4
  SINCE MAR 1      7                        21    -14        4
  SINCE JAN 1      7                        21    -14        4
..................................................................


WIND (MPH)
  HIGHEST WIND SPEED    23   HIGHEST WIND DIRECTION    NE (40)
  HIGHEST GUST SPEED    29   HIGHEST GUST DIRECTION    NE (50)
  AVERAGE WIND SPEED    11.9


SKY COVER
  POSSIBLE SUNSHINE  MM
  AVERAGE SKY COVER 1.0


WEATHER CONDITIONS
 THE FOLLOWING WEATHER WAS RECORDED YESTERDAY.
  RAIN
  LIGHT RAIN
  FOG


RELATIVE HUMIDITY (PERCENT)
 HIGHEST   100          1200 PM
 LOWEST     61          1200 AM
 AVERAGE    81

..........................................................


THE LAWRENCEVILLE IL AIRPORT CLIMATE NORMALS FOR TODAY
                         NORMAL    RECORD    YEAR
 MAXIMUM TEMPERATURE (F)   70        MM        MM
 MINIMUM TEMPERATURE (F)   49        MM        MM


SUNRISE AND SUNSET
APRIL 26 2015.........SUNRISE   559 AM CDT   SUNSET   738 PM CDT
APRIL 27 2015.........SUNRISE   558 AM CDT   SUNSET   739 PM CDT


-  INDICATES NEGATIVE NUMBERS.
R  INDICATES RECORD WAS SET OR TIED.
MM INDICATES DATA IS MISSING.
T  INDICATES TRACE AMOUNT.




$$
