000
CDUS41 KRNK 060604
CLILYH


CLIMATE REPORT
NATIONAL WEATHER SERVICE BLACKSBURG VA
201 AM EDT WED MAY 6 2015


...................................

...THE LYNCHBURG VA CLIMATE SUMMARY FOR MAY 5 2015...

CLIMATE NORMAL PERIOD 1981 TO 2010
CLIMATE RECORD PERIOD 1893 TO 2015


WEATHER ITEM   OBSERVED TIME   RECORD YEAR NORMAL DEPARTURE LAST
                VALUE   (LST)  VALUE       VALUE  FROM      YEAR
                                                  NORMAL
..................................................................
TEMPERATURE (F)
 YESTERDAY
  MAXIMUM         85    221 PM  94    1902  73     12       66
  MINIMUM         54    541 AM  32    1997  48      6       51
  AVERAGE         70                        60     10       59

PRECIPITATION (IN)
  YESTERDAY        T             2.74 1898   0.12  -0.12     0.02
  MONTH TO DATE    0.57                      0.55   0.02     0.02
  SINCE MAR 1      7.91                      7.44   0.47     8.57
  SINCE JAN 1     12.29                     13.51  -1.22    15.65

SNOWFALL (IN)
  YESTERDAY        0.0
  MONTH TO DATE    0.0
  SINCE MAR 1      2.5
  SINCE JUL 1     22.9
  SNOW DEPTH       0

DEGREE DAYS
 HEATING
  YESTERDAY        0                         6     -6        6
  MONTH TO DATE   26                        30     -4       22
  SINCE MAR 1    905                       929    -24      883
  SINCE JUL 1   4594                      4353    241     4397

 COOLING
  YESTERDAY        5                         1      4        0
  MONTH TO DATE    5                         5      0        0
  SINCE MAR 1     13                        23    -10       19
  SINCE JAN 1     13                        23    -10       19
..................................................................


WIND (MPH)
  HIGHEST WIND SPEED    14   HIGHEST WIND DIRECTION     S (190)
  HIGHEST GUST SPEED    18   HIGHEST GUST DIRECTION     S (200)
  AVERAGE WIND SPEED     5.1


SKY COVER
  POSSIBLE SUNSHINE  MM
  AVERAGE SKY COVER 0.3


WEATHER CONDITIONS
 THE FOLLOWING WEATHER WAS RECORDED YESTERDAY.
  THUNDERSTORM
  LIGHT RAIN


RELATIVE HUMIDITY (PERCENT)
 HIGHEST    93           600 AM
 LOWEST     31           200 PM
 AVERAGE    62

..........................................................


THE LYNCHBURG VA CLIMATE NORMALS FOR TODAY
                         NORMAL    RECORD    YEAR
 MAXIMUM TEMPERATURE (F)   73        92      1943
 MINIMUM TEMPERATURE (F)   48        35      1973


SUNRISE AND SUNSET
MAY  6 2015...........SUNRISE   617 AM EDT   SUNSET   811 PM EDT
MAY  7 2015...........SUNRISE   616 AM EDT   SUNSET   812 PM EDT


-  INDICATES NEGATIVE NUMBERS.
R  INDICATES RECORD WAS SET OR TIED.
MM INDICATES DATA IS MISSING.
T  INDICATES TRACE AMOUNT.

$$
RCS
