000
CDUS46 KHNX 030821
CLIMAE


CLIMATE REPORT
NATIONAL WEATHER SERVICE SAN JOAQUIN VALLEY, CA
121 AM PDT SUN MAY 3 2015


...................................

...THE MADERA CA AIRPORT CLIMATE SUMMARY FOR MAY 2 2015...

CLIMATE NORMAL PERIOD 1981 TO 2010
CLIMATE RECORD PERIOD 1998 TO 2015


WEATHER ITEM   OBSERVED TIME   RECORD YEAR NORMAL DEPARTURE
                VALUE   (LST)  VALUE       VALUE  FROM
                                                  NORMAL
...............................................................
TEMPERATURE (F)
 YESTERDAY
  MAXIMUM         91    519 PM  95    2014  80     11
                                      2004
  MINIMUM         56    410 AM  45    2012  48      8
                                      1999
  AVERAGE         74                        64     10

PRECIPITATION (IN)
  YESTERDAY        0.00          0.21 2003   0.02  -0.02
  MONTH TO DATE    0.00                      0.05  -0.05
  SINCE OCT 1      5.26                     11.11  -5.85
  SINCE JAN 1      1.58                      7.38  -5.80

SNOWFALL (IN)
  YESTERDAY        0.0
  MONTH TO DATE    0.0
  SINCE MAR 1      0.0
  SINCE JUL 1      0.0
  SNOW DEPTH       0

DEGREE DAYS
 HEATING
  YESTERDAY        0
  MONTH TO DATE    0
  SINCE MAR 1    249
  SINCE JUL 1   1699

 COOLING
  YESTERDAY        9
  MONTH TO DATE   20
  SINCE MAR 1     96
  SINCE JAN 1     98
...............................................................


WIND (MPH)
  HIGHEST WIND SPEED    12   HIGHEST WIND DIRECTION     W (270)
  HIGHEST GUST SPEED    16   HIGHEST GUST DIRECTION     S (170)
  AVERAGE WIND SPEED     4.2




RELATIVE HUMIDITY (PERCENT)
 HIGHEST    67
 LOWEST      7
 AVERAGE    37

..........................................................


THE MADERA CA AIRPORT CLIMATE NORMALS FOR TODAY
                         NORMAL    RECORD    YEAR
 MAXIMUM TEMPERATURE (F)   80        98      2004
 MINIMUM TEMPERATURE (F)   48        42      2007


SUNRISE AND SUNSET
MAY  3 2015...........SUNRISE   604 AM PDT   SUNSET   751 PM PDT
MAY  4 2015...........SUNRISE   603 AM PDT   SUNSET   752 PM PDT


-  INDICATES NEGATIVE NUMBERS.
R  INDICATES RECORD WAS SET OR TIED.
MM INDICATES DATA IS MISSING.
T  INDICATES TRACE AMOUNT.




$$
