000
CDUS44 KMAF 030731
CLIMAF


CLIMATE REPORT
NATIONAL WEATHER SERVICE MIDLAND/ODESSA TX
230 AM CDT SUN MAY 3 2015


...................................

...THE MIDLAND CLIMATE SUMMARY FOR MAY 2 2015...

CLIMATE NORMAL PERIOD 1981 TO 2010
CLIMATE RECORD PERIOD 1930 TO 2015


WEATHER ITEM   OBSERVED TIME   RECORD YEAR NORMAL DEPARTURE LAST
                VALUE   (LST)  VALUE       VALUE  FROM      YEAR
                                                  NORMAL
..................................................................
TEMPERATURE (F)
 YESTERDAY
  MAXIMUM         86    501 PM  98    2012  84      2       80
                                      1996
  MINIMUM         59    211 AM  36    1967  55      4       45
  AVERAGE         73                        70      3       63

PRECIPITATION (IN)
  YESTERDAY        0.00          1.55 1941   0.03  -0.03     0.00
  MONTH TO DATE    0.00                      0.06  -0.06     0.00
  SINCE MAR 1      2.95                      1.31   1.64     0.64
  SINCE JAN 1      5.64                      2.58   3.06     0.90

SNOWFALL (IN)
  YESTERDAY        0.0
  MONTH TO DATE    0.0
  SINCE MAR 1      T
  SINCE JUL 1      3.6
  SNOW DEPTH       0

DEGREE DAYS
 HEATING
  YESTERDAY        0                         1     -1        2
  MONTH TO DATE    0                         2     -2        8
  SINCE MAR 1    402                       421    -19      369
  SINCE JUL 1   2552                      2658   -106     2617

 COOLING
  YESTERDAY        8                         6      2        0
  MONTH TO DATE   14                        11      3        0
  SINCE MAR 1    144                       117     27      167
  SINCE JAN 1    145                       119     26      169
..................................................................


WIND (MPH)
  HIGHEST WIND SPEED    24   HIGHEST WIND DIRECTION    SE (140)
  HIGHEST GUST SPEED    31   HIGHEST GUST DIRECTION    SE (140)
  AVERAGE WIND SPEED    15.0


SKY COVER
  POSSIBLE SUNSHINE  MM
  AVERAGE SKY COVER 0.0


WEATHER CONDITIONS
 THE FOLLOWING WEATHER WAS RECORDED YESTERDAY.
  NO SIGNIFICANT WEATHER WAS OBSERVED.


RELATIVE HUMIDITY (PERCENT)
 HIGHEST    48           600 AM
 LOWEST     20           300 PM
 AVERAGE    34

..........................................................


THE MIDLAND CLIMATE NORMALS FOR TODAY
                         NORMAL    RECORD    YEAR
 MAXIMUM TEMPERATURE (F)   84        98      1947
 MINIMUM TEMPERATURE (F)   55        32      2013


SUNRISE AND SUNSET
MAY  3 2015...........SUNRISE   701 AM CDT   SUNSET   830 PM CDT
MAY  4 2015...........SUNRISE   700 AM CDT   SUNSET   831 PM CDT


-  INDICATES NEGATIVE NUMBERS.
R  INDICATES RECORD WAS SET OR TIED.
MM INDICATES DATA IS MISSING.
T  INDICATES TRACE AMOUNT.




$$
