000
CDUS42 KTAE 210700
CLIMAI


CLIMATE REPORT
NATIONAL WEATHER SERVICE TALLAHASSEE FL
300 AM EDT TUE APR 21 2015


...................................

...THE MARIANNA CLIMATE SUMMARY FOR APRIL 20 2015...

CLIMATE NORMAL PERIOD 1981 TO 2010
CLIMATE RECORD PERIOD 1950 TO 2015


WEATHER ITEM   OBSERVED NORMAL DEPARTURE LAST
                VALUE   VALUE  FROM      YEAR
                               NORMAL
...............................................
TEMPERATURE (F)
 YESTERDAY
  MAXIMUM         78     81     -3       63
  MINIMUM         65     55     10       52
  AVERAGE         72     68      4       58

PRECIPITATION (IN)
  YESTERDAY        0.01   0.11  -0.10     0.00
  MONTH TO DATE    9.64   2.96   6.68     7.65
  SINCE MAR 1     11.94   8.50   3.44    17.49
  SINCE JAN 1     19.12  18.48   0.64    24.82

DEGREE DAYS
 HEATING
  YESTERDAY        0            -1
  MONTH TO DATE    1           -53
  SINCE MAR 1    107          -127
  SINCE JUL 1   1685            46

 COOLING
  YESTERDAY        7             3
  MONTH TO DATE  150            90
  SINCE MAR 1    248           156
  SINCE JAN 1    254           147
...............................................


WIND (MPH)
  HIGHEST WIND SPEED    22   HIGHEST WIND DIRECTION     S (180)
  HIGHEST GUST SPEED    27   HIGHEST GUST DIRECTION     S (190)
  AVERAGE WIND SPEED     8.0




RELATIVE HUMIDITY (PERCENT)
 HIGHEST   100
 LOWEST     69
 AVERAGE    85

..........................................................




SUNRISE AND SUNSET
APRIL 21 2015.........SUNRISE   607 AM CDT   SUNSET   713 PM CDT
APRIL 22 2015.........SUNRISE   606 AM CDT   SUNSET   713 PM CDT


-  INDICATES NEGATIVE NUMBERS.
R  INDICATES RECORD WAS SET OR TIED.
MM INDICATES DATA IS MISSING.
T  INDICATES TRACE AMOUNT.




$$
