000
CDUS42 KFFC 180819
CLIMCN


CLIMATE REPORT
NATIONAL WEATHER SERVICE PEACHTREE CITY GA
417 AM EDT SAT APR 18 2015


...................................

...THE MACON CLIMATE SUMMARY FOR APRIL 17 2015...

CLIMATE NORMAL PERIOD 1981 TO 2010
CLIMATE RECORD PERIOD 1899 TO 2015


WEATHER ITEM   OBSERVED TIME   RECORD YEAR NORMAL DEPARTURE LAST
                VALUE   (LST)  VALUE       VALUE  FROM      YEAR
                                                  NORMAL
..................................................................
TEMPERATURE (F)
 YESTERDAY
  MAXIMUM         64   1159 PM  92    1955  77    -13       68
  MINIMUM         56    650 AM  34    1949  50      6       38
  AVERAGE         60                        64     -4       53

PRECIPITATION (IN)
  YESTERDAY        0.63          1.29 1910   0.10   0.53     0.00
  MONTH TO DATE    3.01                      1.84   1.17     3.81
  SINCE MAR 1      5.29                      6.39  -1.10     7.74
  SINCE JAN 1     12.09                     14.99  -2.90    15.57

DEGREE DAYS
 HEATING
  YESTERDAY        5                         3      2       12
  MONTH TO DATE   25                        80    -55       78
  SINCE MAR 1    233                       352   -119      449
  SINCE JUL 1   2446                      2277    169     2582

 COOLING
  YESTERDAY        0                         2     -2        0
  MONTH TO DATE   75                        26     49       21
  SINCE MAR 1     87                        44     43       21
  SINCE JAN 1     87                        47     40       22
..................................................................


WIND (MPH)
  RESULTANT WIND SPEED   3   RESULTANT WIND DIRECTION   E (70)
  HIGHEST WIND SPEED    10   HIGHEST WIND DIRECTION    SE (140)
  HIGHEST GUST SPEED    13   HIGHEST GUST DIRECTION    SE (120)
  AVERAGE WIND SPEED     3.8


SKY COVER
  AVERAGE SKY COVER 1.0


WEATHER CONDITIONS
 THE FOLLOWING WEATHER WAS RECORDED YESTERDAY.
  HEAVY RAIN
  RAIN
  LIGHT RAIN
  FOG


RELATIVE HUMIDITY (PERCENT)
 HIGHEST   100           200 AM
 LOWEST     93          1200 AM
 AVERAGE    97

..........................................................


THE MACON CLIMATE NORMALS FOR TODAY
                         NORMAL    RECORD    YEAR
 MAXIMUM TEMPERATURE (F)   77        90      1967
                                             1955
 MINIMUM TEMPERATURE (F)   51        33      2001


SUNRISE AND SUNSET
APRIL 18 2015.........SUNRISE   702 AM EDT   SUNSET   807 PM EDT
APRIL 19 2015.........SUNRISE   701 AM EDT   SUNSET   807 PM EDT


-  INDICATES NEGATIVE NUMBERS.
R  INDICATES RECORD WAS SET OR TIED.
MM INDICATES DATA IS MISSING.
T  INDICATES TRACE AMOUNT.




$$
