000
CDUS43 KDMX 010749
CLIMCW

CLIMATE REPORT
NATIONAL WEATHER SERVICE DES MOINES IA
245 AM CDT WED APR 1 2015

...................................

...THE MASON CITY IA CLIMATE SUMMARY FOR MARCH 31 2015...

CLIMATE NORMAL PERIOD 1981 TO 2010
CLIMATE RECORD PERIOD 1893 TO 2015

WEATHER ITEM   OBSERVED TIME   RECORD YEAR NORMAL DEPARTURE LAST
                VALUE   (LST)  VALUE       VALUE  FROM      YEAR
                                                  NORMAL
..................................................................
TEMPERATURE (F)
 YESTERDAY
  MAXIMUM         69    441 PM  83    1978  50     19       66
  MINIMUM         32    611 AM   2    1923  29      3       24
  AVERAGE         51                        40     11       45

PRECIPITATION (IN)
  YESTERDAY        0.00          1.20 1993   0.10  -0.10     0.28
  MONTH TO DATE    1.07                      2.23  -1.16     1.21
  SINCE MAR 1      1.07                      2.23  -1.16     1.21
  SINCE JAN 1      3.14                      4.05  -0.91     4.23

SNOWFALL (IN)
  YESTERDAY        0.0           7.5  1929   0.2   -0.2      0.0
  MONTH TO DATE    3.6                       6.0   -2.4      6.9
  SINCE MAR 1      3.6                       6.0   -2.4      6.9
  SINCE JUL 1     39.4                      38.5    0.9     53.0
  SNOW DEPTH       0

DEGREE DAYS
 HEATING
  YESTERDAY       14                        25    -11       20
  MONTH TO DATE  921                       993    -72     1195
  SINCE MAR 1    921                       994    -73     1195
  SINCE JUL 1   6984                      6845    139     7741

 COOLING
  YESTERDAY        0                         0      0        0
  MONTH TO DATE    0                         0      0        0
  SINCE MAR 1      0                         0      0        0
  SINCE JAN 1      0                         0      0        0
..................................................................

WIND (MPH)
  HIGHEST WIND SPEED    21   HIGHEST WIND DIRECTION     N (340)
  HIGHEST GUST SPEED    26   HIGHEST GUST DIRECTION    NW (320)
  AVERAGE WIND SPEED     9.2

SKY COVER
  POSSIBLE SUNSHINE  MM
  AVERAGE SKY COVER 0.0

WEATHER CONDITIONS
 THE FOLLOWING WEATHER WAS RECORDED YESTERDAY.
  NO SIGNIFICANT WEATHER WAS OBSERVED.

RELATIVE HUMIDITY (PERCENT)
 HIGHEST    89           200 AM
 LOWEST     23           400 PM
 AVERAGE    56
..........................................................

THE MASON CITY IA CLIMATE NORMALS FOR TODAY
                         NORMAL    RECORD    YEAR
 MAXIMUM TEMPERATURE (F)   51        86      2010
 MINIMUM TEMPERATURE (F)   29         7      1924

SUNRISE AND SUNSET
APRIL  1 2015.........SUNRISE   656 AM CDT   SUNSET   739 PM CDT
APRIL  2 2015.........SUNRISE   654 AM CDT   SUNSET   741 PM CDT

-  INDICATES NEGATIVE NUMBERS.
R  INDICATES RECORD WAS SET OR TIED.
MM INDICATES DATA IS MISSING.
T  INDICATES TRACE AMOUNT.

$$

FAB
