000
CDUS43 KLOT 070635
CLIMDW


CLIMATE REPORT
NATIONAL WEATHER SERVICE CHICAGO IL
134 AM CDT THU MAY 7 2015


...................................

...THE CHICAGO-MIDWAY CLIMATE SUMMARY FOR MAY 6 2015...

CLIMATE NORMAL PERIOD 1981 TO 2010
CLIMATE RECORD PERIOD 1928 TO 2015


WEATHER ITEM   OBSERVED TIME   RECORD YEAR NORMAL DEPARTURE LAST
                VALUE   (LST)  VALUE       VALUE  FROM      YEAR
                                                  NORMAL
..................................................................
TEMPERATURE (F)
 YESTERDAY
  MAXIMUM         82   1251 PM  93    1934  67     15       63
  MINIMUM         51    414 AM  34    1989  49      2       45
                                      1978
  AVERAGE         67                        58      9       54

PRECIPITATION (IN)
  YESTERDAY        0.00          1.71 1941   0.12  -0.12     0.00
  MONTH TO DATE    0.99                      0.74   0.25     0.14
  SINCE MAR 1      4.41                      7.10  -2.69     4.48
  SINCE JAN 1      5.75                     11.10  -5.35     6.97

DEGREE DAYS
 HEATING
  YESTERDAY        0                         8     -8       11
  MONTH TO DATE   21                        53    -32       73
  SINCE MAR 1   1217                      1313    -96     1517
  SINCE JUL 1   5939                      5824    115     6719

 COOLING
  YESTERDAY        2                         1      1        0
  MONTH TO DATE   10                         6      4        0
  SINCE MAR 1     10                        19     -9        5
  SINCE JAN 1     10                        19     -9        5
..................................................................


WIND (MPH)
  RESULTANT WIND SPEED   4   RESULTANT WIND DIRECTION   E (80)
  HIGHEST WIND SPEED    14   HIGHEST WIND DIRECTION     E (80)
  HIGHEST GUST SPEED    18   HIGHEST GUST DIRECTION     E (80)
  AVERAGE WIND SPEED     5.7



WEATHER CONDITIONS
 THE FOLLOWING WEATHER WAS RECORDED YESTERDAY.
  FOG
  FOG W/VISIBILITY <= 1/4 MILE
  HAZE


..........................................................


THE CHICAGO-MIDWAY CLIMATE NORMALS FOR TODAY
                         NORMAL    RECORD    YEAR
 MAXIMUM TEMPERATURE (F)   67        89      1936
 MINIMUM TEMPERATURE (F)   49        32      1974


SUNRISE AND SUNSET
MAY  7 2015...........SUNRISE   540 AM CDT   SUNSET   756 PM CDT
MAY  8 2015...........SUNRISE   539 AM CDT   SUNSET   757 PM CDT


-  INDICATES NEGATIVE NUMBERS.
R  INDICATES RECORD WAS SET OR TIED.
MM INDICATES DATA IS MISSING.
T  INDICATES TRACE AMOUNT.




$$
