000
CDUS44 KBRO 250632
CLIMFE


CLIMATE REPORT
NATIONAL WEATHER SERVICE BROWNSVILLE TX
132 AM CDT SAT APR 25 2015


...................................

...THE MCALLEN CLIMATE SUMMARY FOR APRIL 24 2015...

CLIMATE NORMAL PERIOD 1981 TO 2010
CLIMATE RECORD PERIOD 1941 TO 2015


WEATHER ITEM   OBSERVED TIME   RECORD YEAR NORMAL DEPARTURE LAST
                VALUE   (LST)  VALUE       VALUE  FROM      YEAR
                                                  NORMAL
..................................................................
TEMPERATURE (F)
 YESTERDAY
  MAXIMUM         92    341 PM 103    1958  88      4       95
  MINIMUM         75   1159 PM  50    1982  68      7       71
  AVERAGE         84                        78      6

PRECIPITATION (IN)
  YESTERDAY        0.78          2.18 1981   0.06   0.72     0.00
  MONTH TO DATE    4.59                      0.98   3.61     0.03
  SINCE MAR 1      5.98                      2.01   3.97     1.20
  SINCE JAN 1      6.57                      4.17   2.40     2.08

SNOWFALL (IN)
  YESTERDAY        0.0
  MONTH TO DATE    0.0
  SINCE MAR 1      0.0
  SINCE JUL 1      0.0

DEGREE DAYS
 HEATING
  YESTERDAY        0                         0      0        0
  MONTH TO DATE    0                         3     -3        9
  SINCE MAR 1     66                        41     25      107
  SINCE JUL 1    756                       574    182      883

 COOLING
  YESTERDAY       19                        13      6       18
  MONTH TO DATE  352                       273     79      235
  SINCE MAR 1    518                       491     27      371
  SINCE JAN 1    603                       650    -47      499
..................................................................


WIND (MPH)
  HIGHEST WIND SPEED    26   HIGHEST WIND DIRECTION     E (80)
  HIGHEST GUST SPEED    32   HIGHEST GUST DIRECTION     E (70)
  AVERAGE WIND SPEED    10.6



WEATHER CONDITIONS
 THE FOLLOWING WEATHER WAS RECORDED YESTERDAY.
  THUNDERSTORM
  HEAVY RAIN
  RAIN
  LIGHT RAIN
  FOG
  HAZE


RELATIVE HUMIDITY (PERCENT)
 HIGHEST    91
 LOWEST     66
 AVERAGE    79

..........................................................


THE MCALLEN CLIMATE NORMALS FOR TODAY
                         NORMAL    RECORD    YEAR
 MAXIMUM TEMPERATURE (F)   88        99      1961
 MINIMUM TEMPERATURE (F)   68        54      1944
                                             1982
                                             1995


SUNRISE AND SUNSET
APRIL 25 2015.........SUNRISE   701 AM CDT   SUNSET   801 PM CDT
APRIL 26 2015.........SUNRISE   700 AM CDT   SUNSET   802 PM CDT


-  INDICATES NEGATIVE NUMBERS.
R  INDICATES RECORD WAS SET OR TIED.
MM INDICATES DATA IS MISSING.
T  INDICATES TRACE AMOUNT.




$$
