000
CDUS43 KTOP 030637
CLIMHK


CLIMATE REPORT
NATIONAL WEATHER SERVICE TOPEKA KS
137 AM CDT SUN MAY 3 2015


...................................

...THE MANHATTAN KS CLIMATE SUMMARY FOR MAY 2 2015...

CLIMATE NORMAL PERIOD 1981 TO 2010
CLIMATE RECORD PERIOD 9999 TO 9999


WEATHER ITEM   OBSERVED NORMAL DEPARTURE LAST
                VALUE   VALUE  FROM      YEAR
                               NORMAL
...............................................
TEMPERATURE (F)
 YESTERDAY
  MAXIMUM         83     72     11       74
  MINIMUM         57     47     10       33
  AVERAGE         70     59     11       54

PRECIPITATION (IN)
  YESTERDAY        T      0.14  -0.14     0.00
  MONTH TO DATE    T      0.29  -0.29     0.00
  SINCE MAR 1      2.78   5.29  -2.51     2.48
  SINCE JAN 1      4.24   7.01  -2.77     3.70

DEGREE DAYS
 HEATING
  YESTERDAY        0      7     -7       11
  MONTH TO DATE    3     14    -11       27
  SINCE MAR 1    828   1035   -207     1119
  SINCE JUL 1   5022   5195   -173     5650

 COOLING
  YESTERDAY        5      1      4        0
  MONTH TO DATE    5      2      3        0
  SINCE MAR 1     13     19     -6       30
  SINCE JAN 1     13     19     -6       30
...............................................


WIND (MPH)
  HIGHEST WIND SPEED    25   HIGHEST WIND DIRECTION    SW (210)
  HIGHEST GUST SPEED    33   HIGHEST GUST DIRECTION     S (180)
  AVERAGE WIND SPEED    11.8


SKY COVER
  AVERAGE SKY COVER 0.3


WEATHER CONDITIONS
 THE FOLLOWING WEATHER WAS RECORDED YESTERDAY.
  LIGHT RAIN


RELATIVE HUMIDITY (PERCENT)
 HIGHEST    78
 LOWEST     33
 AVERAGE    56

..........................................................


THE MANHATTAN KS CLIMATE NORMALS FOR TODAY
                         NORMAL
 MAXIMUM TEMPERATURE (F)   72
 MINIMUM TEMPERATURE (F)   47


SUNRISE AND SUNSET
MAY  3 2015...........SUNRISE   626 AM CDT   SUNSET   821 PM CDT
MAY  4 2015...........SUNRISE   625 AM CDT   SUNSET   822 PM CDT


-  INDICATES NEGATIVE NUMBERS.
R  INDICATES RECORD WAS SET OR TIED.
MM INDICATES DATA IS MISSING.
T  INDICATES TRACE AMOUNT.




$$
