000
CDUS43 KIND 040535
CLIMIE


CLIMATE REPORT
NATIONAL WEATHER SERVICE INDIANAPOLIS IN
135 AM EDT MON MAY 4 2015


...................................

...THE MUNCIE IN CLIMATE SUMMARY FOR MAY 3 2015...

CLIMATE NORMAL PERIOD 1981 TO 2010
CLIMATE RECORD PERIOD 9999 TO 9999


WEATHER ITEM   OBSERVED TIME   NORMAL DEPARTURE LAST
                VALUE   (LST)  VALUE  FROM      YEAR
                                      NORMAL
......................................................
TEMPERATURE (F)
 YESTERDAY
  MAXIMUM         78    505 PM  68     10       67
  MINIMUM         55    637 AM  47      8       47
  AVERAGE         67            58      9       57

PRECIPITATION (IN)
  YESTERDAY        0.00          0.12  -0.12     0.00
  MONTH TO DATE    0.00          0.36  -0.36      T
  SINCE MAR 1      7.16          6.98   0.18     7.67
  SINCE JAN 1     10.10         11.52  -1.42    10.63

DEGREE DAYS
 HEATING
  YESTERDAY        0             8     -8        8
  MONTH TO DATE   14            26    -12       39
  SINCE MAR 1   1249          1235     14     1388
  SINCE JUL 1   6114          5618    496     6298

 COOLING
  YESTERDAY        2             1      1        0
  MONTH TO DATE    2             3     -1        0
  SINCE MAR 1      5            18    -13        6
  SINCE JAN 1      5            18    -13        6
......................................................


WIND (MPH)
  HIGHEST WIND SPEED    18   HIGHEST WIND DIRECTION    SW (240)
  HIGHEST GUST SPEED    24   HIGHEST GUST DIRECTION     S (180)
  AVERAGE WIND SPEED     8.7


SKY COVER
  AVERAGE SKY COVER 0.1


WEATHER CONDITIONS
 THE FOLLOWING WEATHER WAS RECORDED YESTERDAY.
  NO SIGNIFICANT WEATHER WAS OBSERVED.


RELATIVE HUMIDITY (PERCENT)
 HIGHEST    66           300 AM
 LOWEST     32           500 PM
 AVERAGE    49

..........................................................


THE MUNCIE IN CLIMATE NORMALS FOR TODAY
                         NORMAL
 MAXIMUM TEMPERATURE (F)   68
 MINIMUM TEMPERATURE (F)   48


SUNRISE AND SUNSET
MAY  4 2015...........SUNRISE   638 AM EDT   SUNSET   839 PM EDT
MAY  5 2015...........SUNRISE   637 AM EDT   SUNSET   841 PM EDT


-  INDICATES NEGATIVE NUMBERS.
R  INDICATES RECORD WAS SET OR TIED.
MM INDICATES DATA IS MISSING.
T  INDICATES TRACE AMOUNT.




$$
