000
CDUS44 KMEG 070641
CLIMKL


CLIMATE REPORT
NATIONAL WEATHER SERVICE MEMPHIS TN
141 AM CDT THU MAY 7 2015


...................................

...THE JACKSON CLIMATE SUMMARY FOR MAY 6 2015...

CLIMATE NORMAL PERIOD 1981 TO 2010
CLIMATE RECORD PERIOD 1948 TO 2015


WEATHER ITEM   OBSERVED TIME   RECORD YEAR NORMAL DEPARTURE LAST
                VALUE   (LST)  VALUE       VALUE  FROM      YEAR
                                                  NORMAL
..................................................................
TEMPERATURE (F)
 YESTERDAY
  MAXIMUM         84    234 PM  92    1952  78      6       86
  MINIMUM         53    529 AM  40    1992  54     -1       61
  AVERAGE         69                        66      3       74

PRECIPITATION (IN)
  YESTERDAY        0.00          2.82 1998   0.19  -0.19     0.00
  MONTH TO DATE    0.00                      1.14  -1.14     0.00
  SINCE MAR 1     10.00                     10.75  -0.75    10.03
  SINCE JAN 1     15.89                     18.99  -3.10    18.19

SNOWFALL (IN)
  YESTERDAY        0.0          MM      MM   0.0    0.0      0.0
  MONTH TO DATE    0.0                       0.0    0.0      0.0
  SINCE MAR 1      4.4                       0.4    4.0      0.8
  SINCE JUL 1      5.9                       4.6    1.3      1.3
  SNOW DEPTH       0

DEGREE DAYS
 HEATING
  YESTERDAY        0                         2     -2        0
  MONTH TO DATE   16                        16      0       24
  SINCE MAR 1    641                       658    -17      816
  SINCE JUL 1   3814                      3542    272     4112

 COOLING
  YESTERDAY        4                         3      1        9
  MONTH TO DATE   14                        18     -4       22
  SINCE MAR 1     75                        76     -1       59
  SINCE JAN 1     75                        77     -2       59
..................................................................


WIND (MPH)
  HIGHEST WIND SPEED    15   HIGHEST WIND DIRECTION     S (160)
  HIGHEST GUST SPEED    20   HIGHEST GUST DIRECTION     S (170)
  AVERAGE WIND SPEED     4.0


SKY COVER
  POSSIBLE SUNSHINE  MM
  AVERAGE SKY COVER 0.0


WEATHER CONDITIONS
 THE FOLLOWING WEATHER WAS RECORDED YESTERDAY.
  FOG


RELATIVE HUMIDITY (PERCENT)
 HIGHEST    93           200 AM
 LOWEST     31           200 PM
 AVERAGE    62

..........................................................


THE JACKSON CLIMATE NORMALS FOR TODAY
                         NORMAL    RECORD    YEAR
 MAXIMUM TEMPERATURE (F)   78        93      1952
 MINIMUM TEMPERATURE (F)   55        37      1989


SUNRISE AND SUNSET
MAY  7 2015...........SUNRISE   558 AM CDT   SUNSET   747 PM CDT
MAY  8 2015...........SUNRISE   557 AM CDT   SUNSET   748 PM CDT


-  INDICATES NEGATIVE NUMBERS.
R  INDICATES RECORD WAS SET OR TIED.
MM INDICATES DATA IS MISSING.
T  INDICATES TRACE AMOUNT.




$$
