000
CDUS41 KCAR 070528
CLIMLT


CLIMATE REPORT
NATIONAL WEATHER SERVICE CARIBOU, ME
128 AM EDT THU MAY 7 2015


...................................

...THE MILLINOCKET ME CLIMATE SUMMARY FOR MAY 6 2015...

CLIMATE NORMAL PERIOD 1981 TO 2010
CLIMATE RECORD PERIOD 1903 TO 2015


WEATHER ITEM   OBSERVED TIME   RECORD YEAR NORMAL DEPARTURE LAST
                VALUE   (LST)  VALUE       VALUE  FROM      YEAR
                                                  NORMAL
..................................................................
TEMPERATURE (F)
 YESTERDAY
  MAXIMUM         70    510 PM  86    1913  61      9       61
  MINIMUM         36    412 AM  25    1956  39     -3       42
  AVERAGE         53                        50      3       52

PRECIPITATION (IN)
  YESTERDAY        0.00          1.23 1918   0.11  -0.11     0.06
  MONTH TO DATE    T                         0.68  -0.68     1.23
  SINCE MAR 1      3.75                      7.30  -3.55     6.54
  SINCE JAN 1      6.98                     12.41  -5.43    11.73

SNOWFALL (IN)
  YESTERDAY       MM            MM      MM  MM     MM       MM
  MONTH TO DATE   MM                        MM     MM       MM
  SINCE MAR 1     MM                        MM     MM       MM
  SINCE JUL 1     MM                        MM     MM       MM
  SNOW DEPTH      MM

DEGREE DAYS
 HEATING
  YESTERDAY       12                        15     -3       13
  MONTH TO DATE   57                        95    -38       97
  SINCE MAR 1   2064                      1964    100     2207
  SINCE JUL 1   8109                      8016     93     8245

 COOLING
  YESTERDAY        0                         0      0        0
  MONTH TO DATE    0                         0      0        0
  SINCE MAR 1      0                         0      0        0
  SINCE JAN 1      0                         0      0        0
..................................................................


WIND (MPH)
  HIGHEST WIND SPEED    22   HIGHEST WIND DIRECTION    NW (310)
  HIGHEST GUST SPEED    31   HIGHEST GUST DIRECTION    NW (310)
  AVERAGE WIND SPEED     7.7


SKY COVER
  POSSIBLE SUNSHINE  MM
  AVERAGE SKY COVER 0.5


WEATHER CONDITIONS
 THE FOLLOWING WEATHER WAS RECORDED YESTERDAY.
  NO SIGNIFICANT WEATHER WAS OBSERVED.


RELATIVE HUMIDITY (PERCENT)
 HIGHEST    82           400 AM
 LOWEST     25           900 AM
 AVERAGE    54

..........................................................


THE MILLINOCKET ME CLIMATE NORMALS FOR TODAY
                         NORMAL    RECORD    YEAR
 MAXIMUM TEMPERATURE (F)   62        84      1960
 MINIMUM TEMPERATURE (F)   40        19      1932


SUNRISE AND SUNSET
MAY  7 2015...........SUNRISE   514 AM EDT   SUNSET   749 PM EDT
MAY  8 2015...........SUNRISE   513 AM EDT   SUNSET   750 PM EDT


-  INDICATES NEGATIVE NUMBERS.
R  INDICATES RECORD WAS SET OR TIED.
MM INDICATES DATA IS MISSING.
T  INDICATES TRACE AMOUNT.




$$
