000
CDUS44 KSHV 060737
CLIMLU


CLIMATE REPORT
NATIONAL WEATHER SERVICE SHREVEPORT, LA
236 AM CDT WED MAY 6 2015


...................................

...THE MONROE CLIMATE SUMMARY FOR MAY 5 2015...

CLIMATE NORMAL PERIOD 1981 TO 2010
CLIMATE RECORD PERIOD 1930 TO 2015


WEATHER ITEM   OBSERVED TIME   RECORD YEAR NORMAL DEPARTURE LAST
                VALUE   (LST)  VALUE       VALUE  FROM      YEAR
                                                  NORMAL
..................................................................
TEMPERATURE (F)
 YESTERDAY
  MAXIMUM         85    354 PM  93    1952  83      2       86
  MINIMUM         64    540 AM  42    2013  60      4       56
  AVERAGE         75                        71      4       71

PRECIPITATION (IN)
  YESTERDAY        0.00          3.93 1989   0.17  -0.17     0.00
  MONTH TO DATE    0.00                      0.85  -0.85     0.00
  SINCE DEC 1     22.95                     25.00  -2.05    20.41
  SINCE JAN 1     18.47                     19.71  -1.24    17.15

SNOWFALL (IN)
  YESTERDAY        0.0
  MONTH TO DATE    0.0
  SINCE MAR 1      0.4
  SINCE JUL 1      3.9
  SNOW DEPTH       0

DEGREE DAYS
 HEATING
  YESTERDAY        0                         0      0        0
  MONTH TO DATE    0                         3     -3        9
  SINCE MAR 1    308                       333    -25      499
  SINCE JUL 1   2512                      2227    285     2825

 COOLING
  YESTERDAY       10                         7      3        6
  MONTH TO DATE   24                        31     -7       14
  SINCE MAR 1    168                       167      1      100
  SINCE JAN 1    168                       178    -10      102
..................................................................


WIND (MPH)
  HIGHEST WIND SPEED    17   HIGHEST WIND DIRECTION     S (170)
  HIGHEST GUST SPEED    24   HIGHEST GUST DIRECTION     S (180)
  AVERAGE WIND SPEED     5.8


SKY COVER
  POSSIBLE SUNSHINE  MM
  AVERAGE SKY COVER 0.3


WEATHER CONDITIONS
 THE FOLLOWING WEATHER WAS RECORDED YESTERDAY.
  NO SIGNIFICANT WEATHER WAS OBSERVED.


RELATIVE HUMIDITY (PERCENT)
 HIGHEST    93           400 AM
 LOWEST     43           100 PM
 AVERAGE    68

..........................................................


THE MONROE CLIMATE NORMALS FOR TODAY
                         NORMAL    RECORD    YEAR
 MAXIMUM TEMPERATURE (F)   83        93      1952
 MINIMUM TEMPERATURE (F)   60        47      2013


SUNRISE AND SUNSET
MAY  6 2015...........SUNRISE   617 AM CDT   SUNSET   753 PM CDT
MAY  7 2015...........SUNRISE   616 AM CDT   SUNSET   754 PM CDT


-  INDICATES NEGATIVE NUMBERS.
R  INDICATES RECORD WAS SET OR TIED.
MM INDICATES DATA IS MISSING.
T  INDICATES TRACE AMOUNT.




$$
