000
CDUS44 KMOB 040645
CLIMOB


CLIMATE REPORT
NATIONAL WEATHER SERVICE MOBILE AL
145 AM CDT MON MAY 4 2015


...................................

...THE MOBILE CLIMATE SUMMARY FOR MAY 3 2015...

CLIMATE NORMAL PERIOD 1981 TO 2010
CLIMATE RECORD PERIOD 1842 TO 2015


WEATHER ITEM   OBSERVED TIME   RECORD YEAR NORMAL DEPARTURE LAST
                VALUE   (LST)  VALUE       VALUE  FROM      YEAR
                                                  NORMAL
..................................................................
TEMPERATURE (F)
 YESTERDAY
  MAXIMUM         80    306 PM  90    1952  82     -2       80
  MINIMUM         52    452 AM  47    2004  60     -8       50
  AVERAGE         66                        71     -5       65

PRECIPITATION (IN)
  YESTERDAY        0.00          5.97 1978   0.15  -0.15      T
  MONTH TO DATE    0.00                      0.45  -0.45      T
  SINCE MAR 1     17.86                     11.38   6.48    24.59
  SINCE JAN 1     23.91                     22.15   1.76    31.71

DEGREE DAYS
 COOLING
  YESTERDAY        1                         6     -5        0
  MONTH TO DATE    3                        18    -15        1
  SINCE MAR 1    278                       161    117      104
  SINCE JAN 1    282                       177    105      116
..................................................................


WIND (MPH)
  HIGHEST WIND SPEED    15   HIGHEST WIND DIRECTION    SE (120)
  HIGHEST GUST SPEED    20   HIGHEST GUST DIRECTION    SE (120)
  AVERAGE WIND SPEED     4.7


SKY COVER
  POSSIBLE SUNSHINE  MM
  AVERAGE SKY COVER 0.2


WEATHER CONDITIONS
 THE FOLLOWING WEATHER WAS RECORDED YESTERDAY.
  NO SIGNIFICANT WEATHER WAS OBSERVED.


RELATIVE HUMIDITY (PERCENT)
 HIGHEST    93          1200 AM
 LOWEST     32           300 PM
 AVERAGE    63

..........................................................


THE MOBILE CLIMATE NORMALS FOR TODAY
                         NORMAL    RECORD    YEAR
 MAXIMUM TEMPERATURE (F)   82        94      1952
 MINIMUM TEMPERATURE (F)   60        43      2013


SUNRISE AND SUNSET
MAY  4 2015...........SUNRISE   607 AM CDT   SUNSET   733 PM CDT
MAY  5 2015...........SUNRISE   606 AM CDT   SUNSET   734 PM CDT


-  INDICATES NEGATIVE NUMBERS.
R  INDICATES RECORD WAS SET OR TIED.
MM INDICATES DATA IS MISSING.
T  INDICATES TRACE AMOUNT.




$$
