000
CDUS46 KSTO 250847
CLIMOD


CLIMATE REPORT
NATIONAL WEATHER SERVICE SACRAMENTO, CA
146 AM PDT SAT APR 25 2015


...................................

...THE MODESTO CA CLIMATE SUMMARY FOR APRIL 24 2015...

CLIMATE NORMAL PERIOD 1981 TO 2010
CLIMATE RECORD PERIOD 1931 TO 2015


WEATHER ITEM   OBSERVED TIME   RECORD YEAR NORMAL DEPARTURE LAST
                VALUE   (LST)  VALUE       VALUE  FROM      YEAR
                                                  NORMAL
..................................................................
TEMPERATURE (F)
 YESTERDAY
  MAXIMUM         76    232 PM  90    1966  77     -1       77
  MINIMUM         52    523 AM  36    1964  51      1       52
  AVERAGE         64

PRECIPITATION (IN)
  YESTERDAY        0.05          0.22 1978   0.03   0.02     0.00
  MONTH TO DATE    0.47                      0.81  -0.34     0.59
  SINCE OCT 1      9.82                     11.92  -2.10     6.50
  SINCE JAN 1      2.42                      7.84  -5.42     5.14

SNOWFALL (IN)
  YESTERDAY        0.0          MM      MM
  MONTH TO DATE    0.0
  SINCE MAR 1      0.0
  SINCE JUL 1      0.0
  SNOW DEPTH       0

DEGREE DAYS
 HEATING
  YESTERDAY        1                         3     -2        0
  MONTH TO DATE   82                       114    -32       74
  SINCE MAR 1    176                       351   -175      235
  SINCE JUL 1   1588                      2119   -531     1933

 COOLING
  YESTERDAY        0                         2     -2        0
  MONTH TO DATE   19                        25     -6       47
  SINCE MAR 1     51                        30     21       47
  SINCE JAN 1     51                        30     21       47
..................................................................


WIND (MPH)
  RESULTANT WIND SPEED   7   RESULTANT WIND DIRECTION  NW (320)
  HIGHEST WIND SPEED    21   HIGHEST WIND DIRECTION    NW (300)
  HIGHEST GUST SPEED    26   HIGHEST GUST DIRECTION    NW (300)


SKY COVER
  POSSIBLE SUNSHINE  MM
  AVERAGE SKY COVER 0.2


WEATHER CONDITIONS
 THE FOLLOWING WEATHER WAS RECORDED YESTERDAY.
  LIGHT RAIN


RELATIVE HUMIDITY (PERCENT)
 HIGHEST    83           500 AM
 LOWEST     15           500 PM
 AVERAGE    49

..........................................................


THE MODESTO CA CLIMATE NORMALS FOR TODAY
                         NORMAL    RECORD    YEAR
 MAXIMUM TEMPERATURE (F)   77        92      2004
 MINIMUM TEMPERATURE (F)   51        38      1971


SUNRISE AND SUNSET
APRIL 25 2015.........SUNRISE   616 AM PDT   SUNSET   748 PM PDT
APRIL 26 2015.........SUNRISE   614 AM PDT   SUNSET   749 PM PDT


-  INDICATES NEGATIVE NUMBERS.
R  INDICATES RECORD WAS SET OR TIED.
MM INDICATES DATA IS MISSING.
T  INDICATES TRACE AMOUNT.




$$
