000
CDUS43 KBIS 030722
CLIMOT


CLIMATE REPORT
NATIONAL WEATHER SERVICE BISMARCK ND
221 AM CDT SUN MAY 3 2015


...................................

...THE MINOT ND CLIMATE SUMMARY FOR MAY 2 2015...

CLIMATE NORMAL PERIOD 1981 TO 2010
CLIMATE RECORD PERIOD 1897 TO 2015


WEATHER ITEM   OBSERVED TIME   RECORD YEAR NORMAL DEPARTURE LAST
                VALUE   (LST)  VALUE       VALUE  FROM      YEAR
                                                  NORMAL
..................................................................
TEMPERATURE (F)
 YESTERDAY
  MAXIMUM         80    325 PM  89    1955  63     17       60
  MINIMUM         50    226 AM  13    1911  38     12       38
  AVERAGE         65                        50     15       49

PRECIPITATION (IN)
  YESTERDAY        0.00          0.43 1950   0.07  -0.07      T
  MONTH TO DATE    0.00                      0.13  -0.13      T
  SINCE MAR 1      0.96                      2.11  -1.15     1.85
  SINCE JAN 1      1.43                      3.02  -1.59     2.21

DEGREE DAYS
 HEATING
  YESTERDAY        0                        15    -15       16
  MONTH TO DATE    5                        30    -25       33
  SINCE MAR 1   1588                      1820   -232     2093
  SINCE JUL 1   8276                      8396   -120     9326

 COOLING
  YESTERDAY        0                         0      0        0
  MONTH TO DATE    0                         0      0        0
  SINCE MAR 1      0                         1     -1        0
  SINCE JAN 1      0                         1     -1        0
..................................................................


WIND (MPH)
  HIGHEST WIND SPEED    23   HIGHEST WIND DIRECTION    NW (300)
  HIGHEST GUST SPEED    29   HIGHEST GUST DIRECTION     W (290)
  AVERAGE WIND SPEED    11.5


SKY COVER
  POSSIBLE SUNSHINE  MM
  AVERAGE SKY COVER 0.0


WEATHER CONDITIONS
 THE FOLLOWING WEATHER WAS RECORDED YESTERDAY.
  NO SIGNIFICANT WEATHER WAS OBSERVED.


RELATIVE HUMIDITY (PERCENT)
 HIGHEST    52           100 AM
 LOWEST     16           300 PM
 AVERAGE    34

..........................................................


THE MINOT ND CLIMATE NORMALS FOR TODAY
                         NORMAL    RECORD    YEAR
 MAXIMUM TEMPERATURE (F)   63        90      1952
 MINIMUM TEMPERATURE (F)   39        15      1907


SUNRISE AND SUNSET
MAY  3 2015...........SUNRISE   623 AM CDT   SUNSET   902 PM CDT
MAY  4 2015...........SUNRISE   622 AM CDT   SUNSET   903 PM CDT


-  INDICATES NEGATIVE NUMBERS.
R  INDICATES RECORD WAS SET OR TIED.
MM INDICATES DATA IS MISSING.
T  INDICATES TRACE AMOUNT.




$$
