000
CDUS41 KBTV 250539
CLIMPV


CLIMATE REPORT
NATIONAL WEATHER SERVICE BURLINGTON VT
129 AM EDT SAT APR 25 2015


...................................

...THE MONTPELIER VT CLIMATE SUMMARY FOR APRIL 24 2015...

CLIMATE NORMAL PERIOD 1981 TO 2010
CLIMATE RECORD PERIOD 1948 TO 2015


WEATHER ITEM   OBSERVED TIME   RECORD YEAR NORMAL DEPARTURE LAST
                VALUE   (LST)  VALUE       VALUE  FROM      YEAR
                                                  NORMAL
..................................................................
TEMPERATURE (F)
 YESTERDAY
  MAXIMUM         35    111 PM  78    2001  58    -23       48
  MINIMUM         31   1159 PM  23    1965  35     -4       32
  AVERAGE         33                        46    -13       40

PRECIPITATION (IN)
  YESTERDAY        T             1.61        0.09  -0.09     0.00
  MONTH TO DATE    2.00                      2.10  -0.10     1.37
  SINCE MAR 1      2.84                      4.49  -1.65     4.42
  SINCE JAN 1      5.71                      8.98  -3.27     8.73

DEGREE DAYS
 HEATING
  YESTERDAY       32                        19     13       25
  MONTH TO DATE  626                       573     53      596
  SINCE MAR 1   1947                      1690    257     2045
  SINCE JUL 1   8285                      7598    687     8210

 COOLING
  YESTERDAY        0                         0      0        0
  MONTH TO DATE    0                         0      0        0
  SINCE MAR 1      0                         0      0        0
  SINCE JAN 1      0                         0      0        0
..................................................................


WIND (MPH)
  HIGHEST WIND SPEED    22   HIGHEST WIND DIRECTION    NW (300)
  HIGHEST GUST SPEED    29   HIGHEST GUST DIRECTION    NW (310)
  AVERAGE WIND SPEED    11.9


SKY COVER
  AVERAGE SKY COVER 1.0


WEATHER CONDITIONS
 THE FOLLOWING WEATHER WAS RECORDED YESTERDAY.
  LIGHT SNOW
  FOG


RELATIVE HUMIDITY (PERCENT)
 HIGHEST    82           100 AM
 LOWEST     56           100 PM
 AVERAGE    69

..........................................................


THE MONTPELIER VT CLIMATE NORMALS FOR TODAY
                         NORMAL    RECORD    YEAR
 MAXIMUM TEMPERATURE (F)   58        85      2009
 MINIMUM TEMPERATURE (F)   35        17      1965


SUNRISE AND SUNSET
APRIL 25 2015.........SUNRISE   551 AM EDT   SUNSET   746 PM EDT
APRIL 26 2015.........SUNRISE   549 AM EDT   SUNSET   748 PM EDT


-  INDICATES NEGATIVE NUMBERS.
R  INDICATES RECORD WAS SET OR TIED.
MM INDICATES DATA IS MISSING.
T  INDICATES TRACE AMOUNT.




$$
