000
CDUS41 KLWX 270522
CLIMRB


CLIMATE REPORT
NATIONAL WEATHER SERVICE BALTIMORE MD/WASHINGTON DC
121 AM EDT MON APR 27 2015


...................................

...THE MARTINSBURG WV CLIMATE SUMMARY FOR APRIL 26 2015...

CLIMATE NORMAL PERIOD 1981 TO 2010
CLIMATE RECORD PERIOD 1926 TO 2015


WEATHER ITEM   OBSERVED TIME   RECORD YEAR NORMAL DEPARTURE LAST
                VALUE   (LST)  VALUE       VALUE  FROM      YEAR
                                                  NORMAL
..................................................................
TEMPERATURE (F)
 YESTERDAY
  MAXIMUM         65    414 PM  92    1990  68     -3       75
  MINIMUM         40    550 AM  29    2001  44     -4       49
  AVERAGE         53                        56     -3       62

PRECIPITATION (IN)
  YESTERDAY        0.00          4.00 1937   0.11  -0.11     0.01
  MONTH TO DATE    2.76                      2.88  -0.12     2.33
  SINCE MAR 1      5.06                      6.40  -1.34     4.45
  SINCE JAN 1      7.35                     11.18  -3.83     8.20

DEGREE DAYS
 HEATING
  YESTERDAY       12                        10      2        3
  MONTH TO DATE  248                       349   -101      307
  SINCE MAR 1    990                      1063    -73     1142
  SINCE JUL 1   4913                      5019   -106     5235

 COOLING
  YESTERDAY        0                         0      0        0
  MONTH TO DATE    1                         0      1        7
  SINCE MAR 1      1                         1      0        7
  SINCE JAN 1      1                         1      0        7
..................................................................


WIND (MPH)
  HIGHEST WIND SPEED    14   HIGHEST WIND DIRECTION     N (360)
  HIGHEST GUST SPEED    21   HIGHEST GUST DIRECTION    NW (330)
  AVERAGE WIND SPEED     5.0


SKY COVER
  POSSIBLE SUNSHINE  MM
  AVERAGE SKY COVER 0.4


WEATHER CONDITIONS
 THE FOLLOWING WEATHER WAS RECORDED YESTERDAY.
  FOG


RELATIVE HUMIDITY (PERCENT)
 HIGHEST    93           200 AM
 LOWEST     25           500 PM
 AVERAGE    59

..........................................................


THE MARTINSBURG WV CLIMATE NORMALS FOR TODAY
                         NORMAL    RECORD    YEAR
 MAXIMUM TEMPERATURE (F)   68        91      2009
                                             1957
 MINIMUM TEMPERATURE (F)   44        27      1926


SUNRISE AND SUNSET
APRIL 27 2015.........SUNRISE   618 AM EDT   SUNSET   801 PM EDT
APRIL 28 2015.........SUNRISE   617 AM EDT   SUNSET   802 PM EDT


-  INDICATES NEGATIVE NUMBERS.
R  INDICATES RECORD WAS SET OR TIED.
MM INDICATES DATA IS MISSING.
T  INDICATES TRACE AMOUNT.




$$
