000
CDUS41 KBTV 240606
CLIMVL


CLIMATE REPORT
NATIONAL WEATHER SERVICE BURLINGTON VT
205 AM EDT FRI APR 24 2015


...................................

...THE MORRISVILLE VT CLIMATE SUMMARY FOR APRIL 23 2015...

CLIMATE NORMAL PERIOD 1981 TO 2010
CLIMATE RECORD PERIOD 9999 TO 9999


WEATHER ITEM   OBSERVED TIME   NORMAL DEPARTURE LAST
                VALUE   (LST)  VALUE  FROM      YEAR
                                      NORMAL
......................................................
TEMPERATURE (F)
 YESTERDAY
  MAXIMUM         44    401 PM  58    -14       49
  MINIMUM         32    842 PM  33     -1       40
  AVERAGE         38            46     -8       45

PRECIPITATION (IN)
  YESTERDAY        T             0.08  -0.08     0.01
  MONTH TO DATE    1.15          1.88  -0.73     2.16
  SINCE MAR 1      1.50          3.55  -2.05     4.83
  SINCE JAN 1      2.62          7.83  -5.21     9.43

DEGREE DAYS
 HEATING
  YESTERDAY       27            20      7       20
  MONTH TO DATE  562           568     -6      558
  SINCE MAR 1   1858          1695    163     2010
  SINCE JUL 1   7540          7655   -115     8064

 COOLING
  YESTERDAY        0             0      0        0
  MONTH TO DATE    0             0      0        0
  SINCE MAR 1      0             0      0        0
  SINCE JAN 1      0             0      0        0
......................................................


WIND (MPH)
  HIGHEST WIND SPEED    16   HIGHEST WIND DIRECTION    NW (320)
  HIGHEST GUST SPEED    21   HIGHEST GUST DIRECTION    NW (320)
  AVERAGE WIND SPEED     5.2


SKY COVER
  AVERAGE SKY COVER 0.9


WEATHER CONDITIONS
 THE FOLLOWING WEATHER WAS RECORDED YESTERDAY.
  LIGHT SNOW
  FOG


RELATIVE HUMIDITY (PERCENT)
 HIGHEST    92          1200 AM
 LOWEST     39           300 PM
 AVERAGE    66

..........................................................


THE MORRISVILLE VT CLIMATE NORMALS FOR TODAY
                         NORMAL    RECORD    YEAR
 MAXIMUM TEMPERATURE (F)   59        79      2001
 MINIMUM TEMPERATURE (F)   33        27      2010


SUNRISE AND SUNSET
APRIL 24 2015.........SUNRISE   552 AM EDT   SUNSET   746 PM EDT
APRIL 25 2015.........SUNRISE   550 AM EDT   SUNSET   747 PM EDT


-  INDICATES NEGATIVE NUMBERS.
R  INDICATES RECORD WAS SET OR TIED.
MM INDICATES DATA IS MISSING.
T  INDICATES TRACE AMOUNT.




$$
