000
CDUS45 KBOI 040931
CLIMYL


CLIMATE REPORT
NATIONAL WEATHER SERVICE BOISE ID
331 AM MDT MON MAY 4 2015


...................................

...THE MCCALL ID CLIMATE SUMMARY FOR MAY 3 2015...

CLIMATE NORMAL PERIOD 1981 TO 2010
CLIMATE RECORD PERIOD 1930 TO 2015


WEATHER ITEM   OBSERVED TIME   RECORD YEAR NORMAL DEPARTURE LAST
                VALUE   (LST)  VALUE       VALUE  FROM      YEAR
                                                  NORMAL
..................................................................
TEMPERATURE (F)
 YESTERDAY
  MAXIMUM         67    454 PM  81    1966  55     12       63
  MINIMUM         32    607 AM  16    1950  30      2       35
  AVERAGE         50                        42      8       49

PRECIPITATION (IN)
  YESTERDAY        0.00          0.95 1930   0.07  -0.07     0.00
  MONTH TO DATE    0.00                      0.20  -0.20     0.00
  SINCE OCT 1     15.79                     13.97   1.82    17.36
  SINCE JAN 1      7.03                      7.79  -0.76    13.29

DEGREE DAYS
 HEATING
  YESTERDAY       15                        23     -8       16
  MONTH TO DATE   45                        69    -24       42
  SINCE MAR 1   1599                      2029   -430     1842
  SINCE JUL 1   6970                      8704  -1734     7836

 COOLING
  YESTERDAY        0                         0      0        0
  MONTH TO DATE    0                         0      0        0
  SINCE MAR 1      0                         0      0        0
  SINCE JAN 1      0                         0      0        0
..................................................................


WIND (MPH)
  HIGHEST WIND SPEED    15   HIGHEST WIND DIRECTION     W (270)
  HIGHEST GUST SPEED    19   HIGHEST GUST DIRECTION     W (250)
  AVERAGE WIND SPEED     4.4


SKY COVER
  AVERAGE SKY COVER 0.1


WEATHER CONDITIONS
 THE FOLLOWING WEATHER WAS RECORDED YESTERDAY.
  NO SIGNIFICANT WEATHER WAS OBSERVED.


RELATIVE HUMIDITY (PERCENT)
 HIGHEST    82           500 AM
 LOWEST     16           500 PM
 AVERAGE    49

..........................................................


THE MCCALL ID CLIMATE NORMALS FOR TODAY
                         NORMAL    RECORD    YEAR
 MAXIMUM TEMPERATURE (F)   55        83      1966
 MINIMUM TEMPERATURE (F)   30        21      2002


SUNRISE AND SUNSET
MAY  4 2015...........SUNRISE   630 AM MDT   SUNSET   853 PM MDT
MAY  5 2015...........SUNRISE   629 AM MDT   SUNSET   854 PM MDT


-  INDICATES NEGATIVE NUMBERS.
R  INDICATES RECORD WAS SET OR TIED.
MM INDICATES DATA IS MISSING.
T  INDICATES TRACE AMOUNT.




$$
