000
CDUS46 KMTR 050838
CLINUQ


CLIMATE REPORT
NATIONAL WEATHER SERVICE SAN FRANCISCO BAY AREA
138 AM PDT TUE MAY 5 2015


...................................

...THE MOFFETT FIELD CLIMATE SUMMARY FOR MAY 4 2015...

CLIMATE NORMAL PERIOD 1981 TO 2010
CLIMATE RECORD PERIOD 1945 TO 2015


WEATHER ITEM   OBSERVED TIME   RECORD YEAR NORMAL DEPARTURE LAST
                VALUE   (LST)  VALUE       VALUE  FROM      YEAR
                                                  NORMAL
..................................................................
TEMPERATURE (F)
 YESTERDAY
  MAXIMUM         MM        MM  88    1990  71     MM       72
  MINIMUM         MM        MM  38    1952  52     MM       53
  AVERAGE         MM                        61     MM       63

PRECIPITATION (IN)
  YESTERDAY        0.00          0.56 2005   0.03  -0.03     0.00
  MONTH TO DATE    0.00                      0.11  -0.11     0.00
  SINCE OCT 1     13.48                     14.01  -0.53     5.94
  SINCE JAN 1      3.49                      9.17  -5.68     5.18

DEGREE DAYS
 HEATING
  YESTERDAY       MM                                         2
  MONTH TO DATE   MM                                         4
  SINCE MAR 1    305                                       294
  SINCE JUL 1   1410                                      1752

 COOLING
  YESTERDAY       MM                                         0
  MONTH TO DATE   MM                                        12
  SINCE MAR 1     18                                        38
  SINCE JAN 1     18                                        38
..................................................................


WIND (MPH)
  RESULTANT WIND SPEED   5   RESULTANT WIND DIRECTION  NW (330)
  HIGHEST WIND SPEED    17   HIGHEST WIND DIRECTION     N (360)
  HIGHEST GUST SPEED    25   HIGHEST GUST DIRECTION     N (360)
  AVERAGE WIND SPEED     6.8


SKY COVER
  POSSIBLE SUNSHINE  MM
  AVERAGE SKY COVER 0.5


WEATHER CONDITIONS
 THE FOLLOWING WEATHER WAS RECORDED YESTERDAY.
  NO SIGNIFICANT WEATHER WAS OBSERVED.


RELATIVE HUMIDITY (PERCENT)
 HIGHEST    71           800 PM
 LOWEST     52           500 PM
 AVERAGE    62

..........................................................


THE MOFFETT FIELD CLIMATE NORMALS FOR TODAY
                         NORMAL    RECORD    YEAR
 MAXIMUM TEMPERATURE (F)   71        94      1987
 MINIMUM TEMPERATURE (F)   52        41      1952


SUNRISE AND SUNSET
MAY  5 2015...........SUNRISE   609 AM PDT   SUNSET   801 PM PDT
MAY  6 2015...........SUNRISE   608 AM PDT   SUNSET   802 PM PDT


-  INDICATES NEGATIVE NUMBERS.
R  INDICATES RECORD WAS SET OR TIED.
MM INDICATES DATA IS MISSING.
T  INDICATES TRACE AMOUNT.




$$
